flight 33406 linux-linus real [real]
http://www.chiark.greenend.org.uk/~xensrcts/logs/33406/

Failures :-/ but no regressions.

Regressions which are regarded as allowable (not blocking):
 test-amd64-i386-freebsd10-i386  7 freebsd-install              fail like 32879
 test-amd64-i386-freebsd10-amd64  7 freebsd-install             fail like 32879
 test-amd64-i386-pair        17 guest-migrate/src_host/dst_host fail like 32879
 test-amd64-amd64-xl-qemuu-winxpsp3  7 windows-install          fail like 32879

Tests which did not succeed, but are not blocking:
 test-amd64-amd64-xl-pvh-intel  9 guest-start                  fail  never pass
 test-armhf-armhf-libvirt      9 guest-start                  fail   never pass
 test-armhf-armhf-xl          10 migrate-support-check        fail   never pass
 test-amd64-i386-libvirt       9 guest-start                  fail   never pass
 test-amd64-amd64-libvirt      9 guest-start                  fail   never pass
 test-amd64-amd64-xl-pcipt-intel  9 guest-start                 fail never pass
 test-amd64-amd64-xl-pvh-amd   9 guest-start                  fail   never pass
 test-amd64-i386-xl-qemuu-winxpsp3-vcpus1 14 guest-stop         fail never pass
 test-amd64-amd64-xl-winxpsp3 14 guest-stop                   fail   never pass
 test-amd64-i386-xl-qemuu-winxpsp3 14 guest-stop                fail never pass
 test-amd64-amd64-xl-qemut-win7-amd64 14 guest-stop             fail never pass
 test-amd64-i386-xl-qemut-win7-amd64 14 guest-stop              fail never pass
 test-amd64-i386-xl-win7-amd64 14 guest-stop                   fail  never pass
 test-amd64-amd64-xl-qemuu-win7-amd64 14 guest-stop             fail never pass
 test-amd64-i386-xl-qemuu-win7-amd64 14 guest-stop              fail never pass
 test-amd64-amd64-xl-win7-amd64 14 guest-stop                   fail never pass
 test-amd64-amd64-xl-qemut-winxpsp3 14 guest-stop               fail never pass
 test-amd64-i386-xl-qemut-winxpsp3-vcpus1 14 guest-stop         fail never pass
 test-amd64-i386-xl-winxpsp3-vcpus1 14 guest-stop               fail never pass
 test-amd64-i386-xl-winxpsp3  14 guest-stop                   fail   never pass
 test-amd64-i386-xl-qemut-winxpsp3 14 guest-stop                fail never pass

version targeted for testing:
 linux                971780b701946be0d6e34b4abf6eec1ab05ec0c8
baseline version:
 linux                9bb29b6b927bcd79cf185ee67bcebfe630f0dea1

------------------------------------------------------------
People who touched revisions under test:
  "John W. Linville" <[email protected]>
  Aaron Brown <[email protected]>
  Aaron Plattner <[email protected]>
  Adrian Hunter <[email protected]>
  Alan Stern <[email protected]>
  Alex Deucher <[email protected]>
  Alex Thorlton <[email protected]>
  Alex Williamson <[email protected]>
  Alexandre Courbot <[email protected]>
  Alexey Khoroshilov <[email protected]>
  Andi Kleen <[email protected]>
  Andreas Oehler <[email protected]>
  Andrew Jackson <[email protected]>
  Andrew Morton <[email protected]>
  Andy Grover <[email protected]>
  Andy Lutomirski <[email protected]>
  Andy Shevchenko <[email protected]>
  Anil Chintalapati (achintal) <[email protected]>
  Anil Chintalapati <[email protected]>
  Anton Vorontsov <[email protected]>
  Antonio Quartulli <[email protected]>
  Ard Biesheuvel <[email protected]>
  Arnaldo Carvalho de Melo <[email protected]>
  Arne Goedeke <[email protected]>
  Aron Szabo <[email protected]>
  Axel Lin <[email protected]>
  Ben Goz <[email protected]>
  Ben Pfaff <[email protected]>
  Ben Skeggs <[email protected]>
  Benjamin Tissoires <[email protected]>
  Bjørn Mork <[email protected]>
  Bruno Prémont <[email protected]>
  Catalin Marinas <[email protected]>
  Chad Dupuis <[email protected]>
  Chris Mason <[email protected]>
  Chris Wilson <[email protected]>
  Christian König <[email protected]>
  Christoph Hellwig <[email protected]>
  Corey Minyard <[email protected]>
  Dan Carpenter <[email protected]>
  Daniel Baluta <[email protected]>
  Daniel Borkmann <[email protected]>
  Daniel Mack <[email protected]>
  Daniel Nicoletti <[email protected]>
  Daniel Thompson <[email protected]>
  Daniel Walter <[email protected]>
  Dave Airlie <[email protected]>
  Dave Airlie <[email protected]>
  Dave Hansen <[email protected]>
  David Ahern <[email protected]>
  David Drysdale <[email protected]>
  David Howells <[email protected]>
  David Rientjes <[email protected]>
  David S. Miller <[email protected]>
  Davidlohr Bueso <[email protected]>
  Doug Anderson <[email protected]>
  Fabian Frederick <[email protected]>
  Fang, Yang A <[email protected]>
  Felipe Balbi <[email protected]>
  Filipe Manana <[email protected]>
  Francesco Virlinzi <[email protected]>
  Giedrius Statkevičius <[email protected]>
  Govindarajulu Varadarajan <[email protected]>
  Grygorii Strashko <[email protected]>
  Hanjun Guo <[email protected]>
  Hanjun Guo <[email protected]>
  Hannes Reinecke <[email protected]>
  Hans de Goede <[email protected]>
  Hari Bathini <[email protected]>
  Hayes Wang <[email protected]>
  hayeswang <[email protected]>
  Henrik Rydberg <[email protected]>
  Herbert Xu <[email protected]>
  Hiral Shah <[email protected]>
  Holger Hoffstätte <[email protected]>
  Ian Campbell <[email protected]>
  Ilia Mirkin <[email protected]>
  Ilya Dryomov <[email protected]>
  Imre Deak <[email protected]>
  Imre Palik <[email protected]>
  Ingo Molnar <[email protected]>
  J. Bruce Fields <[email protected]>
  Jack Morgenstein <[email protected]>
  Jakub Wilk <[email protected]>
  James Bottomley <[email protected]>
  Jan Beulich <[email protected]>
  Jan Kara <[email protected]>
  Jani Nikula <[email protected]>
  Jarkko Nikula <[email protected]>
  Jason Wessel <[email protected]>
  Jeff Kirsher <[email protected]>
  Jeff Layton <[email protected]>
  Jerome Marchand <[email protected]>
  Jerry Hoemann <[email protected]>
  Jianqun Xu <[email protected]>
  Jie Yang <[email protected]>
  Jim Young <[email protected]>
  Jiri Kosina <[email protected]>
  Jiri Olsa <[email protected]>
  Joe Perches <[email protected]>
  Joerg Roedel <[email protected]>
  Johannes Berg <[email protected]>
  Johannes Weiner <[email protected]>
  John Stultz <[email protected]>
  John W. Linville <[email protected]>
  Joonsoo Kim <[email protected]>
  Josef Bacik <[email protected]>
  Joseph Qi <[email protected]>
  joyce.xue <[email protected]>
  Julia Lawall <[email protected]>
  Juri Lelli <[email protected]>
  Karl Relton <[email protected]>
  Kirill A. Shutemov <[email protected]>
  Kirill Smelkov <[email protected]>
  Konstantin Khlebnikov <[email protected]>
  Kostya Belezko <[email protected]>
  Kristian Evensen <[email protected]>
  Krzysztof Kozlowski <[email protected]>
  Lars-Peter Clausen <[email protected]>
  Laurent Pinchart <[email protected]>
  Lee Duncan <[email protected]>
  Leif Lindholm <[email protected]>
  Ley Foon Tan <[email protected]>
  Linus Lüssing <[email protected]>
  Linus Torvalds <[email protected]>
  Linus Walleij <[email protected]>
  Luca Abeni <[email protected]>
  Maor Gottlieb <[email protected]>
  Marek Lindner <[email protected]>
  Mark Brown <[email protected]>
  Mark Langsdorf <[email protected]>
  Mark Rutland <[email protected]>
  Martin Hundebøll <[email protected]>
  Martin K. Petersen <[email protected]>
  Masami Hiramatsu <[email protected]>
  Matan Barak <[email protected]>
  Mathias Krause <[email protected]>
  Michael Ellerman <[email protected]>
  Michael S. Tsirkin <[email protected]>
  Michal Hocko <[email protected]>
  Michal Marek <[email protected]>
  Mika Westerberg <[email protected]>
  Mike Frysinger <[email protected]>
  Ming Lei <[email protected]>
  Murali Karicheri <[email protected]>
  Namhyung Kim <[email protected]>
  Nicholas Bellinger <[email protected]>
  Octavian Purdila <[email protected]>
  Oded Gabbay <[email protected]>
  Oleg Nesterov <[email protected]>
  Or Gerlitz <[email protected]>
  Palik, Imre <[email protected]>
  Pankaj Dev <[email protected]>
  Paolo Bonzini <[email protected]>
  Patrice Chotard <[email protected]>
  Paul Moore <[email protected]>
  Paul Walmsley <[email protected]>
  Paul Walmsley <[email protected]>
  Pavel Machek <[email protected]>
  Peter Wu <[email protected]>
  Peter Zijlstra (Intel) <[email protected]>
  Peter Zijlstra <[email protected]>
  Pierre Moreau <[email protected]>
  Pranith Kumar <[email protected]>
  Pravin B Shelar <[email protected]>
  Rabin Vincent <[email protected]>
  Rafael J. Wysocki <[email protected]>
  Randy Dunlap <[email protected]>
  Richard Weinberger <[email protected]>
  Rik van Riel <[email protected]>
  Russell King <[email protected]>
  Rusty Russell <[email protected]>
  Sagi Grimberg <[email protected]>
  Sasha Levin <[email protected]>
  Sesidhar Baddela <[email protected]>
  Shahed Shaikh <[email protected]>
  Simon Wunderlich <[email protected]>
  Suzuki K. Poulose <[email protected]>
  Sven Köhler <[email protected]>
  Sylvain BERTRAND <[email protected]>
  Taesoo Kim <[email protected]>
  Takashi Iwai <[email protected]>
  Takashi Sakamoto <[email protected]>
  Tetsuo Handa <[email protected]>
  Theodore Ts'o <[email protected]>
  Thomas Petazzoni <[email protected]>
  Tobias Klauser <[email protected]>
  Todd Fujinaka <[email protected]>
  Tony Lindgren <[email protected]>
  Tony Luck <[email protected]>
  Ulf Hansson <[email protected]>
  Victor Kamensky <[email protected]>
  Ville Syrjälä <[email protected]>
  Vinson Lee <[email protected]>
  Vladimir Davydov <[email protected]>
  Vlastimil Babka <[email protected]>
  Walter Goossens <[email protected]>
  Wang Shilong <[email protected]>
  Wei Yang <[email protected]>
  Wendy Wang <[email protected]>
  Will Deacon <[email protected]>
  Wolfram Sang <[email protected]>
  Xue jiufei <[email protected]>
  Yinghai Lu <[email protected]>
  Yongjian Xu <[email protected]>
  Yuyang Du <[email protected]>
  Андрей Аладьев <[email protected]>
------------------------------------------------------------

jobs:
 build-amd64                                                  pass
 build-armhf                                                  pass
 build-i386                                                   pass
 build-amd64-libvirt                                          pass
 build-armhf-libvirt                                          pass
 build-i386-libvirt                                           pass
 build-amd64-pvops                                            pass
 build-armhf-pvops                                            pass
 build-i386-pvops                                             pass
 build-amd64-rumpuserxen                                      pass
 build-i386-rumpuserxen                                       pass
 test-amd64-amd64-xl                                          pass
 test-armhf-armhf-xl                                          pass
 test-amd64-i386-xl                                           pass
 test-amd64-amd64-xl-pvh-amd                                  fail
 test-amd64-i386-rhel6hvm-amd                                 pass
 test-amd64-i386-qemut-rhel6hvm-amd                           pass
 test-amd64-i386-qemuu-rhel6hvm-amd                           pass
 test-amd64-amd64-xl-qemut-debianhvm-amd64                    pass
 test-amd64-i386-xl-qemut-debianhvm-amd64                     pass
 test-amd64-amd64-xl-qemuu-debianhvm-amd64                    pass
 test-amd64-i386-xl-qemuu-debianhvm-amd64                     pass
 test-amd64-i386-freebsd10-amd64                              fail
 test-amd64-amd64-xl-qemuu-ovmf-amd64                         pass
 test-amd64-i386-xl-qemuu-ovmf-amd64                          pass
 test-amd64-amd64-rumpuserxen-amd64                           pass
 test-amd64-amd64-xl-qemut-win7-amd64                         fail
 test-amd64-i386-xl-qemut-win7-amd64                          fail
 test-amd64-amd64-xl-qemuu-win7-amd64                         fail
 test-amd64-i386-xl-qemuu-win7-amd64                          fail
 test-amd64-amd64-xl-win7-amd64                               fail
 test-amd64-i386-xl-win7-amd64                                fail
 test-amd64-i386-xl-credit2                                   pass
 test-amd64-i386-freebsd10-i386                               fail
 test-amd64-i386-rumpuserxen-i386                             pass
 test-amd64-amd64-xl-pcipt-intel                              fail
 test-amd64-amd64-xl-pvh-intel                                fail
 test-amd64-i386-rhel6hvm-intel                               pass
 test-amd64-i386-qemut-rhel6hvm-intel                         pass
 test-amd64-i386-qemuu-rhel6hvm-intel                         pass
 test-amd64-amd64-libvirt                                     fail
 test-armhf-armhf-libvirt                                     fail
 test-amd64-i386-libvirt                                      fail
 test-amd64-i386-xl-multivcpu                                 pass
 test-amd64-amd64-pair                                        pass
 test-amd64-i386-pair                                         fail
 test-amd64-amd64-xl-sedf-pin                                 pass
 test-amd64-amd64-xl-sedf                                     pass
 test-amd64-i386-xl-qemut-winxpsp3-vcpus1                     fail
 test-amd64-i386-xl-qemuu-winxpsp3-vcpus1                     fail
 test-amd64-i386-xl-winxpsp3-vcpus1                           fail
 test-amd64-amd64-xl-qemut-winxpsp3                           fail
 test-amd64-i386-xl-qemut-winxpsp3                            fail
 test-amd64-amd64-xl-qemuu-winxpsp3                           fail
 test-amd64-i386-xl-qemuu-winxpsp3                            fail
 test-amd64-amd64-xl-winxpsp3                                 fail
 test-amd64-i386-xl-winxpsp3                                  fail


------------------------------------------------------------
sg-report-flight on osstest.cam.xci-test.com
logs: /home/xc_osstest/logs
images: /home/xc_osstest/images

Logs, config files, etc. are available at
    http://www.chiark.greenend.org.uk/~xensrcts/logs

Test harness code can be found at
    http://xenbits.xensource.com/gitweb?p=osstest.git;a=summary


Pushing revision :

+ branch=linux-linus
+ revision=971780b701946be0d6e34b4abf6eec1ab05ec0c8
+ . cri-lock-repos
++ . cri-common
+++ . cri-getconfig
+++ umask 002
+++ getconfig Repos
+++ perl -e '
                use Osstest;
                readglobalconfig();
                print $c{"Repos"} or die $!;
        '
++ repos=/export/home/osstest/repos
++ repos_lock=/export/home/osstest/repos/lock
++ '[' x '!=' x/export/home/osstest/repos/lock ']'
++ OSSTEST_REPOS_LOCK_LOCKED=/export/home/osstest/repos/lock
++ exec with-lock-ex -w /export/home/osstest/repos/lock ./ap-push linux-linus 
971780b701946be0d6e34b4abf6eec1ab05ec0c8
+ branch=linux-linus
+ revision=971780b701946be0d6e34b4abf6eec1ab05ec0c8
+ . cri-lock-repos
++ . cri-common
+++ . cri-getconfig
+++ umask 002
+++ getconfig Repos
+++ perl -e '
                use Osstest;
                readglobalconfig();
                print $c{"Repos"} or die $!;
        '
++ repos=/export/home/osstest/repos
++ repos_lock=/export/home/osstest/repos/lock
++ '[' x/export/home/osstest/repos/lock '!=' x/export/home/osstest/repos/lock 
']'
+ . cri-common
++ . cri-getconfig
++ umask 002
+ select_xenbranch
+ case "$branch" in
+ tree=linux
+ xenbranch=xen-unstable
+ '[' xlinux = xlinux ']'
+ linuxbranch=linux-linus
+ '[' x = x ']'
+ qemuubranch=qemu-upstream-unstable
+ : tested/2.6.39.x
+ . ap-common
++ : [email protected]
++ : git://xenbits.xen.org/xen.git
++ : [email protected]:/home/xen/git/xen.git
++ : git://xenbits.xen.org/staging/qemu-xen-unstable.git
++ : git://git.kernel.org
++ : git://git.kernel.org/pub/scm/linux/kernel/git
++ : git
++ : git://xenbits.xen.org/libvirt.git
++ : [email protected]:/home/xen/git/libvirt.git
++ : git://xenbits.xen.org/libvirt.git
++ : git://xenbits.xen.org/rumpuser-xen.git
++ : git
++ : git://xenbits.xen.org/rumpuser-xen.git
++ : [email protected]:/home/xen/git/rumpuser-xen.git
+++ besteffort_repo https://github.com/rumpkernel/rumpkernel-netbsd-src
+++ local repo=https://github.com/rumpkernel/rumpkernel-netbsd-src
+++ cached_repo https://github.com/rumpkernel/rumpkernel-netbsd-src 
'[fetch=try]'
+++ local repo=https://github.com/rumpkernel/rumpkernel-netbsd-src
+++ local 'options=[fetch=try]'
++++ getconfig GitCacheProxy
++++ perl -e '
                use Osstest;
                readglobalconfig();
                print $c{"GitCacheProxy"} or die $!;
        '
+++ local cache=git://drall.uk.xensource.com:9419/
+++ '[' xgit://drall.uk.xensource.com:9419/ '!=' x ']'
+++ echo 
'git://drall.uk.xensource.com:9419/https://github.com/rumpkernel/rumpkernel-netbsd-src%20[fetch=try]'
++ : 
'git://drall.uk.xensource.com:9419/https://github.com/rumpkernel/rumpkernel-netbsd-src%20[fetch=try]'
++ : git
++ : git://git.seabios.org/seabios.git
++ : [email protected]:/home/xen/git/osstest/seabios.git
++ : git://xenbits.xen.org/osstest/seabios.git
++ : git://xenbits.xen.org/osstest/linux-firmware.git
++ : [email protected]:/home/osstest/ext/linux-firmware.git
++ : git://git.kernel.org/pub/scm/linux/kernel/git/firmware/linux-firmware.git
++ : [email protected]:/home/xen/git/linux-pvops.git
++ : git://xenbits.xen.org/linux-pvops.git
++ : tested/linux-3.14
++ : tested/linux-arm-xen
++ '[' xgit://git.kernel.org/pub/scm/linux/kernel/git/torvalds/linux-2.6.git = 
x ']'
++ '[' xgit://git.kernel.org/pub/scm/linux/kernel/git/torvalds/linux-2.6.git = 
x ']'
++ : git://git.kernel.org/pub/scm/linux/kernel/git/konrad/xen.git
++ : tested/2.6.39.x
++ : daily-cron.linux-linus
++ : daily-cron.linux-linus
++ : daily-cron.linux-linus
++ : daily-cron.linux-linus
++ : daily-cron.linux-linus
++ : http://hg.uk.xensource.com/carbon/trunk/linux-2.6.27
++ : git://xenbits.xen.org/staging/qemu-upstream-unstable.git
++ : daily-cron.linux-linus
++ : git://git.qemu.org/qemu.git
++ : git://xenbits.xen.org/osstest/qemu.git
++ : [email protected]:/home/xen/git/osstest/qemu.git
++ : daily-cron.linux-linus
+ [email protected]:/home/xen/git/linux-pvops.git
+ 
[email protected]:/home/xen/git/osstest/qemu.git
+ 
[email protected]:/home/xen/git/qemu-upstream-unstable.git
+ [email protected]:/home/xen/git/xen.git
+ [email protected]:/home/xen/git/libvirt.git
+ [email protected]:/home/xen/git/rumpuser-xen.git
+ [email protected]:/home/xen/git/osstest/seabios.git
+ info_linux_tree linux-linus
+ case $1 in
+ : git://git.kernel.org/pub/scm/linux/kernel/git/torvalds/linux-2.6.git
+ : master
+ : git
+ : git
+ : git://xenbits.xen.org/linux-pvops.git
+ : [email protected]:/home/xen/git/linux-pvops.git
+ : tested/linux-linus
+ : tested/linux-linus
+ return 0
+ cd /export/home/osstest/repos/linux
+ git push [email protected]:/home/xen/git/linux-pvops.git 
971780b701946be0d6e34b4abf6eec1ab05ec0c8:tested/linux-linus
To [email protected]:/home/xen/git/linux-pvops.git
   9bb29b6..971780b  971780b701946be0d6e34b4abf6eec1ab05ec0c8 -> 
tested/linux-linus
+ exit 0

_______________________________________________
Xen-devel mailing list
[email protected]
http://lists.xen.org/xen-devel

Reply via email to