flight 33612 libvirt real [real]
http://www.chiark.greenend.org.uk/~xensrcts/logs/33612/

Regressions :-(

Tests which did not succeed and are blocking,
including tests which could not be run:
 build-armhf-libvirt           5 libvirt-build             fail REGR. vs. 33422
 build-i386-libvirt            5 libvirt-build             fail REGR. vs. 33422
 build-amd64-libvirt           5 libvirt-build             fail REGR. vs. 33422

Tests which did not succeed, but are not blocking:
 test-amd64-i386-libvirt       1 build-check(1)               blocked  n/a
 test-armhf-armhf-libvirt      1 build-check(1)               blocked  n/a
 test-amd64-amd64-libvirt      1 build-check(1)               blocked  n/a

version targeted for testing:
 libvirt              c803c070c44c3e0957fc89d75d954d0b0aca3ccc
baseline version:
 libvirt              ce745914b33e3f9a136d91655600b931e7a4178f

------------------------------------------------------------
People who touched revisions under test:
  Anthony PERARD <[email protected]>
  Cédric Bosdonnat <[email protected]>
  Daniel P. Berrange <[email protected]>
  Dmitry Guryanov <[email protected]>
  Erik Skultety <[email protected]>
  Gary R Hook <[email protected]>
  Gary R Hook <[email protected]>
  Jim Fehlig <[email protected]>
  Jiri Denemark <[email protected]>
  John Ferlan <[email protected]>
  Josh Stone <[email protected]>
  Ján Tomko <[email protected]>
  Kiarie Kahurani <[email protected]>
  Luyao Huang <[email protected]>
  Martin Kletzander <[email protected]>
  Michal Privoznik <[email protected]>
  Shivaprasad G Bhat <[email protected]>
  Shivaprasad G Bhat <[email protected]>
------------------------------------------------------------

jobs:
 build-amd64                                                  pass
 build-armhf                                                  pass
 build-i386                                                   pass
 build-amd64-libvirt                                          fail
 build-armhf-libvirt                                          fail
 build-i386-libvirt                                           fail
 build-amd64-pvops                                            pass
 build-armhf-pvops                                            pass
 build-i386-pvops                                             pass
 test-amd64-amd64-libvirt                                     blocked
 test-armhf-armhf-libvirt                                     blocked
 test-amd64-i386-libvirt                                      blocked


------------------------------------------------------------
sg-report-flight on osstest.cam.xci-test.com
logs: /home/xc_osstest/logs
images: /home/xc_osstest/images

Logs, config files, etc. are available at
    http://www.chiark.greenend.org.uk/~xensrcts/logs

Test harness code can be found at
    http://xenbits.xensource.com/gitweb?p=osstest.git;a=summary


Not pushing.

(No revision log; it would be 688 lines long.)

_______________________________________________
Xen-devel mailing list
[email protected]
http://lists.xen.org/xen-devel

Reply via email to