flight 33611 linux-linus real [real]
http://www.chiark.greenend.org.uk/~xensrcts/logs/33611/

Failures :-/ but no regressions.

Regressions which are regarded as allowable (not blocking):
 test-amd64-i386-freebsd10-i386  7 freebsd-install              fail like 33485
 test-amd64-i386-freebsd10-amd64  7 freebsd-install             fail like 33485
 test-amd64-i386-pair        17 guest-migrate/src_host/dst_host fail like 33485
 test-amd64-amd64-xl-qemuu-winxpsp3  7 windows-install          fail like 33485

Tests which did not succeed, but are not blocking:
 test-amd64-amd64-xl-pvh-intel  9 guest-start                  fail  never pass
 test-armhf-armhf-libvirt      9 guest-start                  fail   never pass
 test-amd64-i386-libvirt       9 guest-start                  fail   never pass
 test-amd64-amd64-libvirt      9 guest-start                  fail   never pass
 test-amd64-amd64-xl-pvh-amd   9 guest-start                  fail   never pass
 test-armhf-armhf-xl          10 migrate-support-check        fail   never pass
 test-amd64-amd64-xl-pcipt-intel  9 guest-start                 fail never pass
 test-amd64-amd64-xl-winxpsp3 14 guest-stop                   fail   never pass
 test-amd64-i386-xl-qemuu-winxpsp3-vcpus1 14 guest-stop         fail never pass
 test-amd64-i386-xl-qemuu-winxpsp3 14 guest-stop                fail never pass
 test-amd64-amd64-xl-qemut-win7-amd64 14 guest-stop             fail never pass
 test-amd64-i386-xl-qemut-win7-amd64 14 guest-stop              fail never pass
 test-amd64-i386-xl-win7-amd64 14 guest-stop                   fail  never pass
 test-amd64-amd64-xl-qemuu-win7-amd64 14 guest-stop             fail never pass
 test-amd64-amd64-xl-win7-amd64 14 guest-stop                   fail never pass
 test-amd64-i386-xl-qemuu-win7-amd64 14 guest-stop              fail never pass
 test-amd64-amd64-xl-qemut-winxpsp3 14 guest-stop               fail never pass
 test-amd64-i386-xl-qemut-winxpsp3-vcpus1 14 guest-stop         fail never pass
 test-amd64-i386-xl-winxpsp3-vcpus1 14 guest-stop               fail never pass
 test-amd64-i386-xl-winxpsp3  14 guest-stop                   fail   never pass
 test-amd64-i386-xl-qemut-winxpsp3 14 guest-stop                fail never pass

version targeted for testing:
 linux                b97f880c8342fd6e49a02c9ef7507a678722b2b3
baseline version:
 linux                fc7f0dd381720ea5ee5818645f7d0e9dece41cb0

------------------------------------------------------------
People who touched revisions under test:
  Aaro Koskinen <[email protected]>
  Aaron Lu <[email protected]>
  Abhilash Kesavan <[email protected]>
  Ahmed S. Darwish <[email protected]>
  Alexander Stein <[email protected]>
  Alexandre Belloni <[email protected]>
  Alexei Starovoitov <[email protected]>
  Alexey Brodkin <[email protected]>
  Andreas Faerber <[email protected]>
  Andy Shevchenko <[email protected]>
  Arik Nemtsov <[email protected]>
  Arik Nemtsov <[email protected]>
  Arnaldo Carvalho de Melo <[email protected]>
  Bartlomiej Zolnierkiewicz <[email protected]>
  Ben Hutchings <[email protected]>
  Bo Shen <[email protected]>
  Boris Brezillon <[email protected]>
  Byungho An <[email protected]>
  Christoph Hellwig <[email protected]>
  Dan Carpenter <[email protected]>
  Dan Williams <[email protected]>
  Daniel Borkmann <[email protected]>
  David Jeffery <[email protected]>
  David Milburn <[email protected]>
  David S. Miller <[email protected]>
  Dmitry Torokhov <[email protected]>
  Doug Anderson <[email protected]>
  Eric Dumazet <[email protected]>
  Fabio Estevam <[email protected]>
  Fernando Gont <[email protected]>
  FUKAUMI Naoki <[email protected]>
  Gabriel Laskar <[email protected]>
  Gabriele Mazzotta <[email protected]>
  Gary Bisson <[email protected]>
  Geert Uytterhoeven <[email protected]>
  Girish K.S <[email protected]>
  Guillaum Bouchard <[email protected]>
  Hagen Paul Pfeifer <[email protected]>
  Hannes Frederic Sowa <[email protected]>
  Hans Holmberg <[email protected]>
  Hauke Mehrtens <[email protected]>
  Hayes Wang <[email protected]>
  hayeswang <[email protected]>
  Heiko Stuebner <[email protected]>
  Heiko Stübner <[email protected]>
  Herbert Xu <[email protected]>
  Ingo Molnar <[email protected]>
  James Ralston <[email protected]>
  Javier Martinez Canillas <[email protected]>
  Jim Lin <[email protected]>
  Jiri Olsa <[email protected]>
  Jiri Olsa <[email protected]>
  Jisheng Zhang <[email protected]>
  Johan Hovold <[email protected]>
  Johannes Berg <[email protected]>
  John Linville <[email protected]>
  John W. Linville <[email protected]>
  Julien CHAUVEAU <[email protected]>
  Kan Liang <[email protected]>
  Kevin Hao <[email protected]>
  Kevin Hilman <[email protected]>
  Krzysztof Kozlowski <[email protected]>
  Kukjin Kim <[email protected]>
  Kyungmin Park <[email protected]>
  Len Sorensen <[email protected]>
  Lennart Sorensen <[email protected]>
  Linus Torvalds <[email protected]>
  Linus Walleij <[email protected]>
  Lokesh Vutla <[email protected]>
  Marc Kleine-Budde <[email protected]>
  Marc Zyngier <[email protected]>
  Mark A. Greer <[email protected]>
  Martin K. Petersen <[email protected]>
  Masami Hiramatsu <[email protected]>
  Mateusz Jończyk <[email protected]>
  Mathias Krause <[email protected]>
  Michael Turquette <[email protected]>
  Mugunthan V N <[email protected]>
  Namhyung Kim <[email protected]>
  Nicolas Ferre <[email protected]>
  Nicolas Pitre <[email protected]>
  Nilesh Javali <[email protected]>
  Nishanth Menon <[email protected]>
  Oliver Hartkopp <[email protected]>
  Olivier Sobrie <[email protected]>
  Olof Johansson <[email protected]>
  Or Gerlitz <[email protected]>
  Pali Rohár <[email protected]>
  Pavel Machek <[email protected]>
  Peter Zijlstra (Intel) <[email protected]>
  Philipp Zabel <[email protected]>
  Roger Quadros <[email protected]>
  Romain Perier <[email protected]>
  Sam hung <[email protected]>
  Scott Wood <[email protected]>
  Sebastian Hesselbarth <[email protected]>
  Shawn Guo <[email protected]>
  Simon Horman <[email protected]>
  Srihari Vijayaraghavan <[email protected]>
  Sriharsha Basavapatna <[email protected]>
  Stanimir Varbanov <[email protected]>
  Stephane Eranian <[email protected]>
  Stephen Boyd <[email protected]>
  Sudeep Holla <[email protected]>
  Sukadev Bhattiprolu <[email protected]>
  Suman Tripathi <[email protected]>
  Tejun Heo <[email protected]>
  Tony Lindgren <[email protected]>
  Tyler Baker <[email protected]>
  Vineet Gupta <[email protected]>
  Vineet Gupta <[email protected]>
  Vinod Koul <[email protected]>
  Viresh Kumar <[email protected]>
  Vivek Gautam <[email protected]>
  Vlad Yasevich <[email protected]>
  Wang Nan <[email protected]>
  Wenyou Yang <[email protected]>
  Willem de Bruijn <[email protected]>
  Xiubo Li <[email protected]>
  Yi ju Hong <[email protected]>
------------------------------------------------------------

jobs:
 build-amd64                                                  pass
 build-armhf                                                  pass
 build-i386                                                   pass
 build-amd64-libvirt                                          pass
 build-armhf-libvirt                                          pass
 build-i386-libvirt                                           pass
 build-amd64-pvops                                            pass
 build-armhf-pvops                                            pass
 build-i386-pvops                                             pass
 build-amd64-rumpuserxen                                      pass
 build-i386-rumpuserxen                                       pass
 test-amd64-amd64-xl                                          pass
 test-armhf-armhf-xl                                          pass
 test-amd64-i386-xl                                           pass
 test-amd64-amd64-xl-pvh-amd                                  fail
 test-amd64-i386-rhel6hvm-amd                                 pass
 test-amd64-i386-qemut-rhel6hvm-amd                           pass
 test-amd64-i386-qemuu-rhel6hvm-amd                           pass
 test-amd64-amd64-xl-qemut-debianhvm-amd64                    pass
 test-amd64-i386-xl-qemut-debianhvm-amd64                     pass
 test-amd64-amd64-xl-qemuu-debianhvm-amd64                    pass
 test-amd64-i386-xl-qemuu-debianhvm-amd64                     pass
 test-amd64-i386-freebsd10-amd64                              fail
 test-amd64-amd64-xl-qemuu-ovmf-amd64                         pass
 test-amd64-i386-xl-qemuu-ovmf-amd64                          pass
 test-amd64-amd64-rumpuserxen-amd64                           pass
 test-amd64-amd64-xl-qemut-win7-amd64                         fail
 test-amd64-i386-xl-qemut-win7-amd64                          fail
 test-amd64-amd64-xl-qemuu-win7-amd64                         fail
 test-amd64-i386-xl-qemuu-win7-amd64                          fail
 test-amd64-amd64-xl-win7-amd64                               fail
 test-amd64-i386-xl-win7-amd64                                fail
 test-amd64-i386-xl-credit2                                   pass
 test-amd64-i386-freebsd10-i386                               fail
 test-amd64-i386-rumpuserxen-i386                             pass
 test-amd64-amd64-xl-pcipt-intel                              fail
 test-amd64-amd64-xl-pvh-intel                                fail
 test-amd64-i386-rhel6hvm-intel                               pass
 test-amd64-i386-qemut-rhel6hvm-intel                         pass
 test-amd64-i386-qemuu-rhel6hvm-intel                         pass
 test-amd64-amd64-libvirt                                     fail
 test-armhf-armhf-libvirt                                     fail
 test-amd64-i386-libvirt                                      fail
 test-amd64-i386-xl-multivcpu                                 pass
 test-amd64-amd64-pair                                        pass
 test-amd64-i386-pair                                         fail
 test-amd64-amd64-xl-sedf-pin                                 pass
 test-amd64-amd64-xl-sedf                                     pass
 test-amd64-i386-xl-qemut-winxpsp3-vcpus1                     fail
 test-amd64-i386-xl-qemuu-winxpsp3-vcpus1                     fail
 test-amd64-i386-xl-winxpsp3-vcpus1                           fail
 test-amd64-amd64-xl-qemut-winxpsp3                           fail
 test-amd64-i386-xl-qemut-winxpsp3                            fail
 test-amd64-amd64-xl-qemuu-winxpsp3                           fail
 test-amd64-i386-xl-qemuu-winxpsp3                            fail
 test-amd64-amd64-xl-winxpsp3                                 fail
 test-amd64-i386-xl-winxpsp3                                  fail


------------------------------------------------------------
sg-report-flight on osstest.cam.xci-test.com
logs: /home/xc_osstest/logs
images: /home/xc_osstest/images

Logs, config files, etc. are available at
    http://www.chiark.greenend.org.uk/~xensrcts/logs

Test harness code can be found at
    http://xenbits.xensource.com/gitweb?p=osstest.git;a=summary


Pushing revision :

+ branch=linux-linus
+ revision=b97f880c8342fd6e49a02c9ef7507a678722b2b3
+ . cri-lock-repos
++ . cri-common
+++ . cri-getconfig
+++ umask 002
+++ getconfig Repos
+++ perl -e '
                use Osstest;
                readglobalconfig();
                print $c{"Repos"} or die $!;
        '
++ repos=/export/home/osstest/repos
++ repos_lock=/export/home/osstest/repos/lock
++ '[' x '!=' x/export/home/osstest/repos/lock ']'
++ OSSTEST_REPOS_LOCK_LOCKED=/export/home/osstest/repos/lock
++ exec with-lock-ex -w /export/home/osstest/repos/lock ./ap-push linux-linus 
b97f880c8342fd6e49a02c9ef7507a678722b2b3
+ branch=linux-linus
+ revision=b97f880c8342fd6e49a02c9ef7507a678722b2b3
+ . cri-lock-repos
++ . cri-common
+++ . cri-getconfig
+++ umask 002
+++ getconfig Repos
+++ perl -e '
                use Osstest;
                readglobalconfig();
                print $c{"Repos"} or die $!;
        '
++ repos=/export/home/osstest/repos
++ repos_lock=/export/home/osstest/repos/lock
++ '[' x/export/home/osstest/repos/lock '!=' x/export/home/osstest/repos/lock 
']'
+ . cri-common
++ . cri-getconfig
++ umask 002
+ select_xenbranch
+ case "$branch" in
+ tree=linux
+ xenbranch=xen-unstable
+ '[' xlinux = xlinux ']'
+ linuxbranch=linux-linus
+ '[' x = x ']'
+ qemuubranch=qemu-upstream-unstable
+ : tested/2.6.39.x
+ . ap-common
++ : [email protected]
++ : git://xenbits.xen.org/xen.git
++ : [email protected]:/home/xen/git/xen.git
++ : git://xenbits.xen.org/staging/qemu-xen-unstable.git
++ : git://git.kernel.org
++ : git://git.kernel.org/pub/scm/linux/kernel/git
++ : git
++ : git://xenbits.xen.org/libvirt.git
++ : [email protected]:/home/xen/git/libvirt.git
++ : git://xenbits.xen.org/libvirt.git
++ : git://xenbits.xen.org/rumpuser-xen.git
++ : git
++ : git://xenbits.xen.org/rumpuser-xen.git
++ : [email protected]:/home/xen/git/rumpuser-xen.git
+++ besteffort_repo https://github.com/rumpkernel/rumpkernel-netbsd-src
+++ local repo=https://github.com/rumpkernel/rumpkernel-netbsd-src
+++ cached_repo https://github.com/rumpkernel/rumpkernel-netbsd-src 
'[fetch=try]'
+++ local repo=https://github.com/rumpkernel/rumpkernel-netbsd-src
+++ local 'options=[fetch=try]'
++++ getconfig GitCacheProxy
++++ perl -e '
                use Osstest;
                readglobalconfig();
                print $c{"GitCacheProxy"} or die $!;
        '
+++ local cache=git://drall.uk.xensource.com:9419/
+++ '[' xgit://drall.uk.xensource.com:9419/ '!=' x ']'
+++ echo 
'git://drall.uk.xensource.com:9419/https://github.com/rumpkernel/rumpkernel-netbsd-src%20[fetch=try]'
++ : 
'git://drall.uk.xensource.com:9419/https://github.com/rumpkernel/rumpkernel-netbsd-src%20[fetch=try]'
++ : git
++ : git://git.seabios.org/seabios.git
++ : [email protected]:/home/xen/git/osstest/seabios.git
++ : git://xenbits.xen.org/osstest/seabios.git
++ : git://xenbits.xen.org/osstest/linux-firmware.git
++ : [email protected]:/home/osstest/ext/linux-firmware.git
++ : git://git.kernel.org/pub/scm/linux/kernel/git/firmware/linux-firmware.git
++ : [email protected]:/home/xen/git/linux-pvops.git
++ : git://xenbits.xen.org/linux-pvops.git
++ : tested/linux-3.14
++ : tested/linux-arm-xen
++ '[' xgit://git.kernel.org/pub/scm/linux/kernel/git/torvalds/linux-2.6.git = 
x ']'
++ '[' xgit://git.kernel.org/pub/scm/linux/kernel/git/torvalds/linux-2.6.git = 
x ']'
++ : git://git.kernel.org/pub/scm/linux/kernel/git/konrad/xen.git
++ : tested/2.6.39.x
++ : daily-cron.linux-linus
++ : daily-cron.linux-linus
++ : daily-cron.linux-linus
++ : daily-cron.linux-linus
++ : daily-cron.linux-linus
++ : http://hg.uk.xensource.com/carbon/trunk/linux-2.6.27
++ : git://xenbits.xen.org/staging/qemu-upstream-unstable.git
++ : daily-cron.linux-linus
++ : git://git.qemu.org/qemu.git
++ : git://xenbits.xen.org/osstest/qemu.git
++ : [email protected]:/home/xen/git/osstest/qemu.git
++ : daily-cron.linux-linus
+ [email protected]:/home/xen/git/linux-pvops.git
+ 
[email protected]:/home/xen/git/osstest/qemu.git
+ 
[email protected]:/home/xen/git/qemu-upstream-unstable.git
+ [email protected]:/home/xen/git/xen.git
+ [email protected]:/home/xen/git/libvirt.git
+ [email protected]:/home/xen/git/rumpuser-xen.git
+ [email protected]:/home/xen/git/osstest/seabios.git
+ info_linux_tree linux-linus
+ case $1 in
+ : git://git.kernel.org/pub/scm/linux/kernel/git/torvalds/linux-2.6.git
+ : master
+ : git
+ : git
+ : git://xenbits.xen.org/linux-pvops.git
+ : [email protected]:/home/xen/git/linux-pvops.git
+ : tested/linux-linus
+ : tested/linux-linus
+ return 0
+ cd /export/home/osstest/repos/linux
+ git push [email protected]:/home/xen/git/linux-pvops.git 
b97f880c8342fd6e49a02c9ef7507a678722b2b3:tested/linux-linus
To [email protected]:/home/xen/git/linux-pvops.git
   fc7f0dd..b97f880  b97f880c8342fd6e49a02c9ef7507a678722b2b3 -> 
tested/linux-linus
+ exit 0

_______________________________________________
Xen-devel mailing list
[email protected]
http://lists.xen.org/xen-devel

Reply via email to