flight 109744 linux-3.18 real [real] http://logs.test-lab.xenproject.org/osstest/logs/109744/
Regressions :-( Tests which did not succeed and are blocking, including tests which could not be run: test-armhf-armhf-libvirt-xsm 4 host-ping-check-native fail REGR. vs. 109657 test-amd64-i386-libvirt 18 guest-start.2 fail REGR. vs. 109657 test-amd64-amd64-xl-qemut-win7-amd64 15 guest-localmigrate/x10 fail REGR. vs. 109657 test-amd64-amd64-i386-pvgrub 18 guest-start/debian.repeat fail REGR. vs. 109657 test-amd64-amd64-xl-qemuu-win7-amd64 15 guest-localmigrate/x10 fail REGR. vs. 109657 Regressions which are regarded as allowable (not blocking): test-amd64-amd64-rumprun-amd64 16 rumprun-demo-xenstorels/xenstorels.repeat fail REGR. vs. 109657 Tests which did not succeed, but are not blocking: test-arm64-arm64-libvirt-xsm 1 build-check(1) blocked n/a test-arm64-arm64-xl 1 build-check(1) blocked n/a test-arm64-arm64-libvirt-qcow2 1 build-check(1) blocked n/a test-arm64-arm64-libvirt 1 build-check(1) blocked n/a test-arm64-arm64-examine 1 build-check(1) blocked n/a test-arm64-arm64-xl-credit2 1 build-check(1) blocked n/a test-arm64-arm64-xl-rtds 1 build-check(1) blocked n/a test-arm64-arm64-xl-multivcpu 1 build-check(1) blocked n/a test-arm64-arm64-xl-xsm 1 build-check(1) blocked n/a test-amd64-i386-xl-qemut-win7-amd64 17 guest-start/win.repeat fail blocked in 109657 test-armhf-armhf-libvirt 13 saverestore-support-check fail like 109657 test-amd64-i386-xl-qemuu-win7-amd64 16 guest-stop fail like 109657 test-armhf-armhf-libvirt-raw 12 saverestore-support-check fail like 109657 test-amd64-amd64-libvirt 12 migrate-support-check fail never pass test-amd64-i386-libvirt 12 migrate-support-check fail never pass test-amd64-amd64-xl-qemut-ws16-amd64 9 windows-install fail never pass test-amd64-i386-libvirt-xsm 12 migrate-support-check fail never pass test-amd64-amd64-libvirt-xsm 12 migrate-support-check fail never pass test-amd64-amd64-xl-qemuu-ws16-amd64 9 windows-install fail never pass test-amd64-i386-libvirt-qemuu-debianhvm-amd64-xsm 10 migrate-support-check fail never pass test-amd64-amd64-libvirt-qemuu-debianhvm-amd64-xsm 10 migrate-support-check fail never pass test-amd64-amd64-libvirt-vhd 11 migrate-support-check fail never pass test-armhf-armhf-xl-arndale 12 migrate-support-check fail never pass test-armhf-armhf-xl-arndale 13 saverestore-support-check fail never pass test-amd64-amd64-qemuu-nested-amd 16 debian-hvm-install/l1/l2 fail never pass test-armhf-armhf-xl 12 migrate-support-check fail never pass test-armhf-armhf-libvirt 12 migrate-support-check fail never pass test-armhf-armhf-xl 13 saverestore-support-check fail never pass test-armhf-armhf-xl-credit2 12 migrate-support-check fail never pass test-armhf-armhf-xl-credit2 13 saverestore-support-check fail never pass test-armhf-armhf-xl-xsm 12 migrate-support-check fail never pass test-armhf-armhf-xl-xsm 13 saverestore-support-check fail never pass test-armhf-armhf-xl-multivcpu 12 migrate-support-check fail never pass test-armhf-armhf-xl-multivcpu 13 saverestore-support-check fail never pass build-arm64-pvops 5 kernel-build fail never pass test-armhf-armhf-libvirt-raw 11 migrate-support-check fail never pass test-armhf-armhf-xl-vhd 11 migrate-support-check fail never pass test-armhf-armhf-xl-vhd 12 saverestore-support-check fail never pass test-amd64-amd64-xl-qemut-win10-i386 9 windows-install fail never pass test-amd64-amd64-xl-qemuu-win10-i386 9 windows-install fail never pass test-amd64-i386-xl-qemuu-win10-i386 9 windows-install fail never pass test-amd64-i386-xl-qemut-ws16-amd64 9 windows-install fail never pass test-amd64-i386-xl-qemuu-ws16-amd64 9 windows-install fail never pass test-amd64-i386-xl-qemut-win10-i386 9 windows-install fail never pass test-armhf-armhf-xl-cubietruck 12 migrate-support-check fail never pass test-armhf-armhf-xl-cubietruck 13 saverestore-support-check fail never pass test-armhf-armhf-xl-rtds 12 migrate-support-check fail never pass test-armhf-armhf-xl-rtds 13 saverestore-support-check fail never pass version targeted for testing: linux 6b65a8f64f4fd256ac0f6b9e97e9939ae18fc6c7 baseline version: linux 7b9d239f0d9f9bbde2c473b642d484dab4bdca79 Last test of basis 109657 2017-05-21 07:51:45 Z 4 days Testing same since 109744 2017-05-25 14:18:09 Z 0 days 1 attempts ------------------------------------------------------------ People who touched revisions under test: "Eric W. Biederman" <ebied...@xmission.com> Al Viro <v...@zeniv.linux.org.uk> Alan Stern <st...@rowland.harvard.edu> Alexandre Belloni <alexandre.bell...@free-electrons.com> Alyssa Milburn <amilb...@zall.org> Amit Pundir <amit.pun...@linaro.org> Andrew Morton <a...@linux-foundation.org> Andrey Korolyov <and...@xdel.ru> Anthony Mallet <anthony.mal...@laas.fr> Arjan van de Ven <ar...@linux.intel.com> Bin Liu <b-...@ti.com> Bjorn Helgaas <bhelg...@google.com> Bjørn Mork <bj...@mork.no> Brian Norris <briannor...@chromium.org> Catalin Marinas <catalin.mari...@arm.com> Dan Carpenter <dan.carpen...@oracle.com> Daniel Glöckner <d...@emlix.com> Daniel Micay <danielmi...@gmail.com> Daniele Palmas <dnl...@gmail.com> David S. Miller <da...@davemloft.net> David Woodhouse <d...@amazon.co.uk> Erez Zadok <e...@fsl.cs.sunysb.edu> Eric W. Biederman <ebied...@xmission.com> Greg Kroah-Hartman <gre...@linuxfoundation.org> Guenter Roeck <li...@roeck-us.net> Hans Verkuil <hans.verk...@cisco.com> Hans Verkuil <hansv...@cisco.com> Ingo Molnar <mi...@kernel.org> James Hogan <james.ho...@imgtec.com> Joe Thornber <e...@redhat.com> Johan Hovold <jo...@kernel.org> Jonathan Cameron <ji...@kernel.org> Julius Werner <jwer...@chromium.org> Kalle Valo <kv...@codeaurora.org> Kalle Valo <kv...@qca.qualcomm.com> Kees Cook <keesc...@chromium.org> Keno Fischer <k...@juliacomputing.com> Kirill A. Shutemov <kirill.shute...@linux.intel.com> Kristina Martsenko <kristina.martse...@arm.com> Linus Torvalds <torva...@linux-foundation.org> Ludovic Desroches <ludovic.desroc...@microchip.com> Lukas Wunner <lu...@wunner.de> Maksim Salau <maksim.sa...@gmail.com> Marek Szyprowski <m.szyprow...@samsung.com> Mark Brown <broo...@kernel.org> Mark Rutland <mark.rutl...@arm.com> Masami Hiramatsu <mhira...@kernel.org> Mathias Nyman <mathias.ny...@linux.intel.com> Matt Ranostay <matt.ranos...@konsulko.com> Mauro Carvalho Chehab <mche...@s-opensource.com> Michael Ellerman <m...@ellerman.id.au> Mike Snitzer <snit...@redhat.com> Mikulas Patocka <mpato...@redhat.com> Mimi Zohar <zo...@linux.vnet.ibm.com> Nicolas Ferre <nicolas.fe...@microchip.com> Nidhi Panpalia <npanpa...@cs.stonybrook.edu> Oliver Neukum <oneu...@suse.com> Pavel Roskin <plros...@gmail.com> Pete Zaitcev <zait...@yahoo.com> Peter Chen <peter.c...@nxp.com> Peter Hurley <pe...@hurleysoftware.com> Peter Ujfalusi <peter.ujfal...@ti.com> Rafael J. Wysocki <rafael.j.wyso...@intel.com> Richard Cochran <rcoch...@linutronix.de> Rik van Riel <r...@redhat.com> Rob Herring <r...@kernel.org> Sean Young <s...@mess.org> Steven Rostedt (VMware) <rost...@goodmis.org> Sylwester Nawrocki <s.nawro...@samsung.com> Takashi Iwai <ti...@suse.de> Thomas Gleixner <t...@linutronix.de> Thomas Petazzoni <thomas.petazz...@free-electrons.com> Tobias Herzog <t-her...@gmx.de> Tony Lindgren <t...@atomide.com> Tyrel Datwyler <tyr...@linux.vnet.ibm.com> Vamsi Krishna Samavedam <vskri...@codeaurora.org> Vinothkumar Raja <vinr...@cs.stonybrook.edu> Will Deacon <will.dea...@arm.com> Willy Tarreau <w...@1wt.eu> Wim Van Sebroeck <w...@iguana.be> jobs: build-amd64-xsm pass build-arm64-xsm pass build-armhf-xsm pass build-i386-xsm pass build-amd64 pass build-arm64 pass build-armhf pass build-i386 pass build-amd64-libvirt pass build-arm64-libvirt pass build-armhf-libvirt pass build-i386-libvirt pass build-amd64-pvops pass build-arm64-pvops fail build-armhf-pvops pass build-i386-pvops pass build-amd64-rumprun pass build-i386-rumprun pass test-amd64-amd64-xl pass test-arm64-arm64-xl blocked test-armhf-armhf-xl pass test-amd64-i386-xl pass test-amd64-amd64-xl-qemut-debianhvm-amd64-xsm pass test-amd64-i386-xl-qemut-debianhvm-amd64-xsm pass test-amd64-amd64-libvirt-qemuu-debianhvm-amd64-xsm pass test-amd64-i386-libvirt-qemuu-debianhvm-amd64-xsm pass test-amd64-amd64-xl-qemuu-debianhvm-amd64-xsm pass test-amd64-i386-xl-qemuu-debianhvm-amd64-xsm pass test-amd64-amd64-xl-qemut-stubdom-debianhvm-amd64-xsm pass test-amd64-i386-xl-qemut-stubdom-debianhvm-amd64-xsm pass test-amd64-amd64-libvirt-xsm pass test-arm64-arm64-libvirt-xsm blocked test-armhf-armhf-libvirt-xsm fail test-amd64-i386-libvirt-xsm pass test-amd64-amd64-xl-xsm pass test-arm64-arm64-xl-xsm blocked test-armhf-armhf-xl-xsm pass test-amd64-i386-xl-xsm pass test-amd64-amd64-qemuu-nested-amd fail test-amd64-amd64-xl-pvh-amd pass test-amd64-i386-qemut-rhel6hvm-amd pass test-amd64-i386-qemuu-rhel6hvm-amd pass test-amd64-amd64-xl-qemut-debianhvm-amd64 pass test-amd64-i386-xl-qemut-debianhvm-amd64 pass test-amd64-amd64-xl-qemuu-debianhvm-amd64 pass test-amd64-i386-xl-qemuu-debianhvm-amd64 pass test-amd64-i386-freebsd10-amd64 pass test-amd64-amd64-xl-qemuu-ovmf-amd64 pass test-amd64-i386-xl-qemuu-ovmf-amd64 pass test-amd64-amd64-rumprun-amd64 fail test-amd64-amd64-xl-qemut-win7-amd64 fail test-amd64-i386-xl-qemut-win7-amd64 fail test-amd64-amd64-xl-qemuu-win7-amd64 fail test-amd64-i386-xl-qemuu-win7-amd64 fail test-amd64-amd64-xl-qemut-ws16-amd64 fail test-amd64-i386-xl-qemut-ws16-amd64 fail test-amd64-amd64-xl-qemuu-ws16-amd64 fail test-amd64-i386-xl-qemuu-ws16-amd64 fail test-armhf-armhf-xl-arndale pass test-amd64-amd64-xl-credit2 pass test-arm64-arm64-xl-credit2 blocked test-armhf-armhf-xl-credit2 pass test-armhf-armhf-xl-cubietruck pass test-amd64-amd64-examine pass test-arm64-arm64-examine blocked test-armhf-armhf-examine pass test-amd64-i386-examine pass test-amd64-i386-freebsd10-i386 pass test-amd64-i386-rumprun-i386 pass test-amd64-amd64-xl-qemut-win10-i386 fail test-amd64-i386-xl-qemut-win10-i386 fail test-amd64-amd64-xl-qemuu-win10-i386 fail test-amd64-i386-xl-qemuu-win10-i386 fail test-amd64-amd64-qemuu-nested-intel pass test-amd64-amd64-xl-pvh-intel pass test-amd64-i386-qemut-rhel6hvm-intel pass test-amd64-i386-qemuu-rhel6hvm-intel pass test-amd64-amd64-libvirt pass test-arm64-arm64-libvirt blocked test-armhf-armhf-libvirt pass test-amd64-i386-libvirt fail test-amd64-amd64-xl-multivcpu pass test-arm64-arm64-xl-multivcpu blocked test-armhf-armhf-xl-multivcpu pass test-amd64-amd64-pair pass test-amd64-i386-pair pass test-amd64-amd64-libvirt-pair pass test-amd64-i386-libvirt-pair pass test-amd64-amd64-amd64-pvgrub pass test-amd64-amd64-i386-pvgrub fail test-amd64-amd64-pygrub pass test-arm64-arm64-libvirt-qcow2 blocked test-amd64-amd64-xl-qcow2 pass test-armhf-armhf-libvirt-raw pass test-amd64-i386-xl-raw pass test-amd64-amd64-xl-rtds pass test-arm64-arm64-xl-rtds blocked test-armhf-armhf-xl-rtds pass test-amd64-amd64-libvirt-vhd pass test-armhf-armhf-xl-vhd pass ------------------------------------------------------------ sg-report-flight on osstest.test-lab.xenproject.org logs: /home/logs/logs images: /home/logs/images Logs, config files, etc. are available at http://logs.test-lab.xenproject.org/osstest/logs Explanation of these reports, and of osstest in general, is at http://xenbits.xen.org/gitweb/?p=osstest.git;a=blob;f=README.email;hb=master http://xenbits.xen.org/gitweb/?p=osstest.git;a=blob;f=README;hb=master Test harness code can be found at http://xenbits.xen.org/gitweb?p=osstest.git;a=summary Not pushing. (No revision log; it would be 1534 lines long.)
_______________________________________________ Xen-devel mailing list Xen-devel@lists.xen.org https://lists.xen.org/xen-devel