flight 50329 linux-linus real [real] http://logs.test-lab.xenproject.org/osstest/logs/50329/
Failures :-/ but no regressions. Regressions which are regarded as allowable (not blocking): test-amd64-i386-freebsd10-i386 7 freebsd-install fail like 50276 test-amd64-i386-freebsd10-amd64 7 freebsd-install fail like 50276 Tests which did not succeed, but are not blocking: test-amd64-i386-xl-qemuu-debianhvm-amd64-xsm 7 debian-hvm-install fail never pass test-amd64-amd64-xl-xsm 9 guest-start fail never pass test-amd64-i386-libvirt-xsm 9 guest-start fail never pass test-amd64-amd64-xl-pvh-intel 9 guest-start fail never pass test-amd64-amd64-xl-qemut-debianhvm-amd64-xsm 7 debian-hvm-install fail never pass test-amd64-amd64-xl-qemuu-debianhvm-amd64-xsm 7 debian-hvm-install fail never pass test-amd64-i386-xl-qemut-debianhvm-amd64-xsm 7 debian-hvm-install fail never pass test-amd64-amd64-xl-pvh-amd 9 guest-start fail never pass test-amd64-amd64-libvirt 10 migrate-support-check fail never pass test-amd64-i386-xl-xsm 9 guest-start fail never pass test-armhf-armhf-xl-sedf-pin 10 migrate-support-check fail never pass test-amd64-i386-libvirt 10 migrate-support-check fail never pass test-amd64-amd64-libvirt-xsm 9 guest-start fail never pass test-armhf-armhf-xl-xsm 5 xen-boot fail never pass test-armhf-armhf-xl-multivcpu 10 migrate-support-check fail never pass test-armhf-armhf-xl 10 migrate-support-check fail never pass test-armhf-armhf-libvirt 10 migrate-support-check fail never pass test-armhf-armhf-xl-sedf 10 migrate-support-check fail never pass test-armhf-armhf-xl-cubietruck 10 migrate-support-check fail never pass test-armhf-armhf-libvirt-xsm 5 xen-boot fail never pass test-amd64-i386-xl-qemuu-winxpsp3-vcpus1 14 guest-stop fail never pass test-armhf-armhf-xl-credit2 10 migrate-support-check fail never pass test-amd64-i386-xl-qemut-win7-amd64 14 guest-stop fail never pass test-amd64-i386-xl-qemuu-win7-amd64 14 guest-stop fail never pass test-amd64-i386-xl-win7-amd64 14 guest-stop fail never pass test-amd64-amd64-xl-win7-amd64 14 guest-stop fail never pass test-amd64-amd64-xl-qemuu-win7-amd64 14 guest-stop fail never pass test-armhf-armhf-xl-arndale 10 migrate-support-check fail never pass test-amd64-amd64-xl-qemut-winxpsp3 14 guest-stop fail never pass test-amd64-i386-xl-qemuu-winxpsp3 14 guest-stop fail never pass test-amd64-amd64-xl-winxpsp3 14 guest-stop fail never pass test-amd64-i386-xl-winxpsp3-vcpus1 14 guest-stop fail never pass test-amd64-i386-xl-qemut-winxpsp3-vcpus1 14 guest-stop fail never pass test-amd64-i386-xl-winxpsp3 14 guest-stop fail never pass test-amd64-i386-xl-qemut-winxpsp3 14 guest-stop fail never pass test-amd64-amd64-xl-qemut-win7-amd64 14 guest-stop fail never pass test-amd64-amd64-xl-qemuu-winxpsp3 14 guest-stop fail never pass version targeted for testing: linux 1cced5015b171415169d938fb179c44fe060dc15 baseline version: linux 6c310bc1acdd02110182a2ec6efa3e7571a3b80c ------------------------------------------------------------ People who touched revisions under test: Ahmed S. Darwish <ahmed.darw...@valeo.com> Alex Deucher <alexander.deuc...@amd.com> Alex Williamson <alex.william...@redhat.com> Alexey Bogoslavsky <ale...@swortex.com> Alexey Kodanev <alexey.koda...@oracle.com> Andi Kleen <a...@linux.intel.com> Andre Przywara <andre.przyw...@arm.com> Andreas Werner <ker...@andy89.org> Andri Yngvason <andri.yngva...@marel.com> Andy Gospodarek <go...@cumulusnetworks.com> Andy Lutomirski <l...@kernel.org> Anton Nayshtut <an...@swortex.com> Ard Biesheuvel <ard.biesheu...@linaro.org> Arend van Spriel <ar...@broadcom.com> Ariel Elior <ariel.el...@qlogic.com> Axel Lin <axel....@ingics.com> Baptiste Reynal <b.rey...@virtualopensystems.com> Ben Hutchings <ben.hutchi...@codethink.co.uk> Benjamin Herrenschmidt <b...@kernel.crashing.org> Bjørn Mork <bj...@mork.no> Borislav Petkov <b...@suse.de> Charlie Mooney <charliemoo...@chromium.org> Chris Wilson <ch...@chris-wilson.co.uk> Christian Hesse <m...@eworm.de> Christian König <christian.koe...@amd.com> Christoph Hellwig <h...@lst.de> Cliff Clark <cliff_cl...@selinc.com> Colin Ian King <colin.k...@canonical.com> Cong Wang <xiyou.wangc...@gmail.com> D.S. Ljungmark <ljungm...@modio.se> Daniel Stone <dani...@collabora.com> Daniel Vetter <daniel.vet...@ffwll.ch> Daniel Vetter <daniel.vet...@intel.com> Dave Airlie <airl...@redhat.com> David Disseldorp <dd...@suse.de> David Miller <da...@davemloft.net> David S. Miller <da...@davemloft.net> David Vrabel <david.vra...@citrix.com> Dmitry Torokhov <dmitry.torok...@gmail.com> Emmanuel Grumbach <emmanuel.grumb...@intel.com> Eric Dumazet <eduma...@google.com> Eugene Crosser <eugene.cros...@ru.ibm.com> Felix Fietkau <n...@openwrt.org> Filip Ayazi <filipay...@gmail.com> Grant Likely <grant.lik...@linaro.org> Greg Kroah-Hartman <gre...@linuxfoundation.org> Hannes Frederic Sowa <han...@stressinduktion.org> Hans de Goede <hdego...@redhat.com> Hariprasad Shenai <haripra...@chelsio.com> Ido Shamay <i...@mellanox.com> Ingo Molnar <mi...@kernel.org> Inki Dae <inki....@samsung.com> J. Bruce Fields <bfie...@redhat.com> Jack Morgenstein <ja...@dev.mellanox.co.il> Jack Morgenstein <ja...@mellanox.com> Jan Stancek <jstan...@redhat.com> Jani Nikula <jani.nik...@intel.com> Jason Cooper <ja...@lakedaemon.net> Javier Martinez Canillas <javier.marti...@collabora.co.uk> Jean Delvare <jdelv...@suse.de> Jeff Kirsher <jeffrey.t.kirs...@intel.com> Jeff Layton <jeff.lay...@primarydata.com> Jeff Layton <jlay...@poochiereds.net> Jens Axboe <ax...@fb.com> Jiri Benc <jb...@redhat.com> Jiri Kosina <jkos...@suse.cz> Jiri Pirko <j...@resnulli.us> Joerg Roedel <jroe...@suse.de> Johannes Berg <johannes.b...@intel.com> Jolan Luff <jo...@gormsby.com> Juergen Gross <jgr...@suse.com> Kalle Valo <kv...@codeaurora.org> Kan Liang <kan.li...@intel.com> Kinglong Mee <kinglong...@gmail.com> Larry Finger <larry.fin...@lwfinger.net> Lars-Peter Clausen <l...@metafoo.de> Laurent Pinchart <laurent.pinch...@ideasonboard.com> Linus Torvalds <torva...@linux-foundation.org> Mahesh Bandewar <mahe...@google.com> Marc Kleine-Budde <m...@pengutronix.de> Marc Zyngier <marc.zyng...@arm.com> Martin K. Petersen <martin.peter...@oracle.com> Matt Fleming <matt.flem...@intel.com> Michael Ellerman <m...@ellerman.id.au> Michal Kubecek <mkube...@suse.cz> Michal KubeÄek <mkube...@suse.cz> Mike Snitzer <snit...@redhat.com> Nicolas Dichtel <nicolas.dich...@6wind.com> Oliver Hartkopp <socket...@hartkopp.net> Or Gerlitz <ogerl...@mellanox.com> Oren Givon <oren.gi...@intel.com> Pali Rohár <pali.ro...@gmail.com> Peter Hutterer <peter.hutte...@who-t.net> Peter Ujfalusi <peter.ujfal...@ti.com> Peter Zijlstra (Intel) <pet...@infradead.org> Petr Kulhavy <p...@barix.com> Pravin B Shelar <pshe...@nicira.com> Ramiro Morales <cra...@gmail.com> Roland Dreier <rol...@purestorage.com> Rusty Russell <ru...@rustcorp.com.au> Sachin Prabhu <spra...@redhat.com> Scott Feldman <sfel...@gmail.com> Shachar Raindel <rain...@mellanox.com> Shao Fu <sha...@realtek.com> Shirish Pargaonkar <shirishpargaon...@gmail.com> Simon Horman <simon.hor...@netronome.com> Stefan Lippers-Hollmann <s....@gmx.de> Steffen Liebergeld <steffen.lieberg...@kernkonzept.com> Stephane Grosjean <s.grosj...@peak-system.com> Stephen Warren <swar...@wwwdotorg.org> Steve French <smfre...@gmail.com> Steve French <steve.fre...@primarydata.com> Steven Rostedt <rost...@goodmis.org> Taesoo Kim <tsgat...@gmail.com> Theodore Ts'o <ty...@mit.edu> Thomas Graf <tg...@suug.ch> Ursula Braun <ursula.br...@de.ibm.com> Uwe Kleine-König <u.kleine-koe...@pengutronix.de> Ville Syrjälä <ville.syrj...@linux.intel.com> Vinod Koul <vinod.k...@intel.com> WANG Cong <xiyou.wangc...@gmail.com> Will Deacon <will.dea...@arm.com> Ying Xue <ying....@windriver.com> Yuval Mintz <yuval.mi...@qlogic.com> ------------------------------------------------------------ jobs: build-amd64-xsm pass build-armhf-xsm pass build-i386-xsm pass build-amd64 pass build-armhf pass build-i386 pass build-amd64-libvirt pass build-armhf-libvirt pass build-i386-libvirt pass build-amd64-pvops pass build-armhf-pvops pass build-i386-pvops pass build-amd64-rumpuserxen pass build-i386-rumpuserxen pass test-amd64-amd64-xl pass test-armhf-armhf-xl pass test-amd64-i386-xl pass test-amd64-amd64-xl-qemut-debianhvm-amd64-xsm fail test-amd64-i386-xl-qemut-debianhvm-amd64-xsm fail test-amd64-amd64-xl-qemuu-debianhvm-amd64-xsm fail test-amd64-i386-xl-qemuu-debianhvm-amd64-xsm fail test-amd64-amd64-libvirt-xsm fail test-armhf-armhf-libvirt-xsm fail test-amd64-i386-libvirt-xsm fail test-amd64-amd64-xl-xsm fail test-armhf-armhf-xl-xsm fail test-amd64-i386-xl-xsm fail test-amd64-amd64-xl-pvh-amd fail test-amd64-i386-rhel6hvm-amd pass test-amd64-i386-qemut-rhel6hvm-amd pass test-amd64-i386-qemuu-rhel6hvm-amd pass test-amd64-amd64-xl-qemut-debianhvm-amd64 pass test-amd64-i386-xl-qemut-debianhvm-amd64 pass test-amd64-amd64-xl-qemuu-debianhvm-amd64 pass test-amd64-i386-xl-qemuu-debianhvm-amd64 pass test-amd64-i386-freebsd10-amd64 fail test-amd64-amd64-xl-qemuu-ovmf-amd64 pass test-amd64-i386-xl-qemuu-ovmf-amd64 pass test-amd64-amd64-rumpuserxen-amd64 pass test-amd64-amd64-xl-qemut-win7-amd64 fail test-amd64-i386-xl-qemut-win7-amd64 fail test-amd64-amd64-xl-qemuu-win7-amd64 fail test-amd64-i386-xl-qemuu-win7-amd64 fail test-amd64-amd64-xl-win7-amd64 fail test-amd64-i386-xl-win7-amd64 fail test-armhf-armhf-xl-arndale pass test-amd64-amd64-xl-credit2 pass test-armhf-armhf-xl-credit2 pass test-armhf-armhf-xl-cubietruck pass test-amd64-i386-freebsd10-i386 fail test-amd64-i386-rumpuserxen-i386 pass test-amd64-amd64-xl-pvh-intel fail test-amd64-i386-rhel6hvm-intel pass test-amd64-i386-qemut-rhel6hvm-intel pass test-amd64-i386-qemuu-rhel6hvm-intel pass test-amd64-amd64-libvirt pass test-armhf-armhf-libvirt pass test-amd64-i386-libvirt pass test-amd64-amd64-xl-multivcpu pass test-armhf-armhf-xl-multivcpu pass test-amd64-amd64-pair pass test-amd64-i386-pair pass test-amd64-amd64-xl-sedf-pin pass test-armhf-armhf-xl-sedf-pin pass test-amd64-amd64-xl-sedf pass test-armhf-armhf-xl-sedf pass test-amd64-i386-xl-qemut-winxpsp3-vcpus1 fail test-amd64-i386-xl-qemuu-winxpsp3-vcpus1 fail test-amd64-i386-xl-winxpsp3-vcpus1 fail test-amd64-amd64-xl-qemut-winxpsp3 fail test-amd64-i386-xl-qemut-winxpsp3 fail test-amd64-amd64-xl-qemuu-winxpsp3 fail test-amd64-i386-xl-qemuu-winxpsp3 fail test-amd64-amd64-xl-winxpsp3 fail test-amd64-i386-xl-winxpsp3 fail ------------------------------------------------------------ sg-report-flight on osstest.test-lab.xenproject.org logs: /home/osstest/pub/logs images: /home/osstest/pub/images Logs, config files, etc. are available at http://logs.test-lab.xenproject.org/osstest/logs Test harness code can be found at http://xenbits.xen.org/gitweb?p=osstest.git;a=summary Pushing revision : + branch=linux-linus + revision=1cced5015b171415169d938fb179c44fe060dc15 + . cri-lock-repos ++ . cri-common +++ . cri-getconfig +++ umask 002 +++ getconfig Repos +++ perl -e ' use Osstest; readglobalconfig(); print $c{"Repos"} or die $!; ' ++ repos=/home/osstest/repos ++ repos_lock=/home/osstest/repos/lock ++ '[' x '!=' x/home/osstest/repos/lock ']' ++ OSSTEST_REPOS_LOCK_LOCKED=/home/osstest/repos/lock ++ exec with-lock-ex -w /home/osstest/repos/lock ./ap-push linux-linus 1cced5015b171415169d938fb179c44fe060dc15 + branch=linux-linus + revision=1cced5015b171415169d938fb179c44fe060dc15 + . cri-lock-repos ++ . cri-common +++ . cri-getconfig +++ umask 002 +++ getconfig Repos +++ perl -e ' use Osstest; readglobalconfig(); print $c{"Repos"} or die $!; ' ++ repos=/home/osstest/repos ++ repos_lock=/home/osstest/repos/lock ++ '[' x/home/osstest/repos/lock '!=' x/home/osstest/repos/lock ']' + . cri-common ++ . cri-getconfig ++ umask 002 + select_xenbranch + case "$branch" in + tree=linux + xenbranch=xen-unstable + '[' xlinux = xlinux ']' + linuxbranch=linux-linus + '[' x = x ']' + qemuubranch=qemu-upstream-unstable + : tested/2.6.39.x + . ap-common ++ : osst...@xenbits.xen.org ++ : git://xenbits.xen.org/xen.git ++ : osst...@xenbits.xen.org:/home/xen/git/xen.git ++ : git://xenbits.xen.org/staging/qemu-xen-unstable.git ++ : git://git.kernel.org ++ : git://git.kernel.org/pub/scm/linux/kernel/git ++ : git ++ : git://xenbits.xen.org/libvirt.git ++ : osst...@xenbits.xen.org:/home/xen/git/libvirt.git ++ : git://xenbits.xen.org/libvirt.git ++ : git://xenbits.xen.org/rumpuser-xen.git ++ : git ++ : git://xenbits.xen.org/rumpuser-xen.git ++ : osst...@xenbits.xen.org:/home/xen/git/rumpuser-xen.git +++ besteffort_repo https://github.com/rumpkernel/rumpkernel-netbsd-src +++ local repo=https://github.com/rumpkernel/rumpkernel-netbsd-src +++ cached_repo https://github.com/rumpkernel/rumpkernel-netbsd-src '[fetch=try]' +++ local repo=https://github.com/rumpkernel/rumpkernel-netbsd-src +++ local 'options=[fetch=try]' ++++ getconfig GitCacheProxy ++++ perl -e ' use Osstest; readglobalconfig(); print $c{"GitCacheProxy"} or die $!; ' +++ local cache=git://cache:9419/ +++ '[' xgit://cache:9419/ '!=' x ']' +++ echo 'git://cache:9419/https://github.com/rumpkernel/rumpkernel-netbsd-src%20[fetch=try]' ++ : 'git://cache:9419/https://github.com/rumpkernel/rumpkernel-netbsd-src%20[fetch=try]' ++ : git ++ : git://git.seabios.org/seabios.git ++ : osst...@xenbits.xen.org:/home/xen/git/osstest/seabios.git ++ : git://xenbits.xen.org/osstest/seabios.git ++ : https://github.com/tianocore/edk2.git ++ : osst...@xenbits.xen.org:/home/xen/git/osstest/ovmf.git ++ : git://xenbits.xen.org/osstest/ovmf.git ++ : git://xenbits.xen.org/osstest/linux-firmware.git ++ : osst...@xenbits.xen.org:/home/osstest/ext/linux-firmware.git ++ : git://git.kernel.org/pub/scm/linux/kernel/git/firmware/linux-firmware.git ++ : osst...@xenbits.xen.org:/home/xen/git/linux-pvops.git ++ : git://xenbits.xen.org/linux-pvops.git ++ : tested/linux-3.14 ++ : tested/linux-arm-xen ++ '[' xgit://git.kernel.org/pub/scm/linux/kernel/git/torvalds/linux-2.6.git = x ']' ++ '[' xgit://git.kernel.org/pub/scm/linux/kernel/git/torvalds/linux-2.6.git = x ']' ++ : git://git.kernel.org/pub/scm/linux/kernel/git/konrad/xen.git ++ : tested/2.6.39.x ++ : daily-cron.linux-linus ++ : daily-cron.linux-linus ++ : daily-cron.linux-linus ++ : daily-cron.linux-linus ++ : daily-cron.linux-linus ++ : daily-cron.linux-linus ++ : http://hg.uk.xensource.com/carbon/trunk/linux-2.6.27 ++ : git://xenbits.xen.org/staging/qemu-upstream-unstable.git ++ : daily-cron.linux-linus ++ : git://git.qemu.org/qemu.git ++ : git://xenbits.xen.org/osstest/qemu.git ++ : osst...@xenbits.xen.org:/home/xen/git/osstest/qemu.git ++ : daily-cron.linux-linus + TREE_LINUX=osst...@xenbits.xen.org:/home/xen/git/linux-pvops.git + TREE_QEMU_MAINLINE=osst...@xenbits.xen.org:/home/xen/git/osstest/qemu.git + TREE_QEMU_UPSTREAM=osst...@xenbits.xen.org:/home/xen/git/qemu-upstream-unstable.git + TREE_XEN=osst...@xenbits.xen.org:/home/xen/git/xen.git + TREE_LIBVIRT=osst...@xenbits.xen.org:/home/xen/git/libvirt.git + TREE_RUMPUSERXEN=osst...@xenbits.xen.org:/home/xen/git/rumpuser-xen.git + TREE_SEABIOS=osst...@xenbits.xen.org:/home/xen/git/osstest/seabios.git + TREE_OVMF=osst...@xenbits.xen.org:/home/xen/git/osstest/ovmf.git + info_linux_tree linux-linus + case $1 in + : git://git.kernel.org/pub/scm/linux/kernel/git/torvalds/linux-2.6.git + : master + : git + : git + : git://xenbits.xen.org/linux-pvops.git + : osst...@xenbits.xen.org:/home/xen/git/linux-pvops.git + : tested/linux-linus + : refs/heads/tested/linux-linus + return 0 + cd /home/osstest/repos/linux + git push osst...@xenbits.xen.org:/home/xen/git/linux-pvops.git 1cced5015b171415169d938fb179c44fe060dc15:refs/heads/tested/linux-linus To osst...@xenbits.xen.org:/home/xen/git/linux-pvops.git 6c310bc..1cced50 1cced5015b171415169d938fb179c44fe060dc15 -> tested/linux-linus + exit 0
_______________________________________________ Xen-devel mailing list Xen-devel@lists.xen.org http://lists.xen.org/xen-devel