flight 106616 xen-unstable-coverity real [real] http://logs.test-lab.xenproject.org/osstest/logs/106616/
Regressions :-( Tests which did not succeed and are blocking, including tests which could not be run: coverity-amd64 6 coverity-upload fail REGR. vs. 106549 version targeted for testing: xen 9dc1e0cd81ee469d638d1962a92d9b4bd2972bfa baseline version: xen 4361e80d228655b100bae5d19b489b39d20aa68d Last test of basis 106549 2017-03-08 09:20:26 Z 4 days Testing same since 106616 2017-03-12 09:18:46 Z 0 days 1 attempts ------------------------------------------------------------ People who touched revisions under test: Andrew Cooper <andrew.coop...@citrix.com> Christoph Egger <cheg...@amazon.de> George Dunlap <george.dun...@citrix.com> Haozhong Zhang <haozhong.zh...@intel.com> Jan Beulich <jbeul...@suse.com> Julien Grall <julien.gr...@arm.com> jobs: coverity-amd64 fail ------------------------------------------------------------ sg-report-flight on osstest.test-lab.xenproject.org logs: /home/logs/logs images: /home/logs/images Logs, config files, etc. are available at http://logs.test-lab.xenproject.org/osstest/logs Explanation of these reports, and of osstest in general, is at http://xenbits.xen.org/gitweb/?p=osstest.git;a=blob;f=README.email;hb=master http://xenbits.xen.org/gitweb/?p=osstest.git;a=blob;f=README;hb=master Test harness code can be found at http://xenbits.xen.org/gitweb?p=osstest.git;a=summary Not pushing. (No revision log; it would be 344 lines long.) _______________________________________________ Xen-devel mailing list Xen-devel@lists.xen.org https://lists.xen.org/xen-devel