flight 177531 linux-linus real [real] flight 177568 linux-linus real-retest [real] http://logs.test-lab.xenproject.org/osstest/logs/177531/ http://logs.test-lab.xenproject.org/osstest/logs/177568/
Failures :-/ but no regressions. Tests which are failing intermittently (not blocking): test-amd64-amd64-freebsd12-amd64 21 guest-start/freebsd.repeat fail pass in 177568-retest test-amd64-amd64-xl-qemut-debianhvm-i386-xsm 20 guest-start/debianhvm.repeat fail pass in 177568-retest Tests which did not succeed, but are not blocking: test-amd64-amd64-xl-qemut-win7-amd64 19 guest-stop fail like 177451 test-amd64-amd64-xl-qemuu-win7-amd64 19 guest-stop fail like 177451 test-amd64-amd64-xl-qemuu-ws16-amd64 19 guest-stop fail like 177451 test-amd64-amd64-qemuu-nested-amd 20 debian-hvm-install/l1/l2 fail like 177451 test-amd64-amd64-xl-qemut-ws16-amd64 19 guest-stop fail like 177451 test-amd64-amd64-libvirt 15 migrate-support-check fail never pass test-amd64-amd64-libvirt-xsm 15 migrate-support-check fail never pass test-arm64-arm64-xl-credit1 15 migrate-support-check fail never pass test-arm64-arm64-xl-credit1 16 saverestore-support-check fail never pass test-arm64-arm64-libvirt-xsm 15 migrate-support-check fail never pass test-arm64-arm64-libvirt-xsm 16 saverestore-support-check fail never pass test-arm64-arm64-xl-xsm 15 migrate-support-check fail never pass test-arm64-arm64-xl-xsm 16 saverestore-support-check fail never pass test-arm64-arm64-xl 15 migrate-support-check fail never pass test-arm64-arm64-xl 16 saverestore-support-check fail never pass test-amd64-amd64-libvirt-qcow2 14 migrate-support-check fail never pass test-arm64-arm64-xl-credit2 15 migrate-support-check fail never pass test-arm64-arm64-xl-credit2 16 saverestore-support-check fail never pass test-arm64-arm64-xl-thunderx 15 migrate-support-check fail never pass test-arm64-arm64-xl-thunderx 16 saverestore-support-check fail never pass test-amd64-amd64-libvirt-raw 14 migrate-support-check fail never pass test-amd64-amd64-libvirt-qemuu-debianhvm-amd64-xsm 13 migrate-support-check fail never pass test-arm64-arm64-libvirt-raw 14 migrate-support-check fail never pass test-arm64-arm64-libvirt-raw 15 saverestore-support-check fail never pass test-arm64-arm64-xl-vhd 14 migrate-support-check fail never pass test-arm64-arm64-xl-vhd 15 saverestore-support-check fail never pass test-armhf-armhf-examine 1 build-check(1) starved n/a test-armhf-armhf-libvirt 1 build-check(1) starved n/a test-armhf-armhf-libvirt-qcow2 1 build-check(1) starved n/a test-armhf-armhf-libvirt-raw 1 build-check(1) starved n/a test-armhf-armhf-xl 1 build-check(1) starved n/a test-armhf-armhf-xl-credit1 1 build-check(1) starved n/a test-armhf-armhf-xl-credit2 1 build-check(1) starved n/a test-armhf-armhf-xl-cubietruck 1 build-check(1) starved n/a test-armhf-armhf-xl-multivcpu 1 build-check(1) starved n/a test-armhf-armhf-xl-rtds 1 build-check(1) starved n/a test-armhf-armhf-xl-vhd 1 build-check(1) starved n/a build-armhf-libvirt 1 build-check(1) starved n/a build-armhf 2 hosts-allocate starved n/a version targeted for testing: linux 3ac88fa4605ec98e545fb3ad0154f575fda2de5f baseline version: linux 033c40a89f55525139fd5b6342281b09b97d05bf Last test of basis 177451 2023-02-16 02:59:06 Z 1 days Testing same since 177531 2023-02-16 20:42:54 Z 0 days 1 attempts ------------------------------------------------------------ People who touched revisions under test: Alexander Stein <alexander.st...@ew.tq-group.com> Andy Shevchenko <andriy.shevche...@linux.intel.com> Andy Shevchenko <a...@kernel.org> Bartosz Golaszewski <bartosz.golaszew...@linaro.org> Chandan Kumar Rout <chandanx.r...@intel.com> (A Contingent Worker at Intel) Christoph Hellwig <h...@lst.de> Corinna Vinschen <vinsc...@redhat.com> Cristian Ciocaltea <cristian.ciocal...@collabora.com> Daniel Wagner <dwag...@suse.de> David S. Miller <da...@davemloft.net> Eelco Chaudron <echau...@redhat.com> Eric Dumazet <eduma...@google.com> Felix Riemann <felix.riem...@sma.de> Guillaume Nault <gna...@redhat.com> Guolin Yang <gy...@vmware.com> Gurucharan G <gurucharan...@intel.com> (A Contingent worker at Intel) Hangyu Hua <hbh...@gmail.com> Hector Martin <mar...@marcan.st> Herbert Xu <herb...@gondor.apana.org.au> Hyunwoo Kim <v4...@theori.io> Ido Schimmel <ido...@nvidia.com> Irvin Cote <irvin.c...@insa-lyon.fr> Jakub Kicinski <k...@kernel.org> Jamal Hadi Salim <j...@mojatatu.com> Jamie Bainbridge <jbain...@redhat.com> Janne Grunau <j...@jannau.net> Jason Xing <kernelx...@tencent.com> Jens Axboe <ax...@kernel.dk> Jesse Brandeburg <jesse.brandeb...@intel.com> Johannes Zink <j.z...@pengutronix.de> Jon Maloy <jma...@redhat.com> Kuniyuki Iwashima <kun...@amazon.com> Larysa Zaremba <larysa.zare...@intel.com> Linus Torvalds <torva...@linux-foundation.org> Linus Walleij <linus.wall...@linaro.org> Maciej Fijalkowski <maciej.fijalkow...@intel.com> Mark Brown <broo...@kernel.org> Mateusz Palczewski <mateusz.palczew...@intel.com> Michael Chan <michael.c...@broadcom.com> Michael Kelley <mikel...@microsoft.com> Michal Wilczynski <michal.wilczyn...@intel.com> Miko Larsson <mikoxy...@gmail.com> Miroslav Lichvar <mlich...@redhat.com> Natalia Petrova <n.petr...@fintech.ru> Paolo Abeni <pab...@redhat.com> Pedro Tammela <pctamm...@mojatatu.com> Peng Li <lp...@vmware.com> Pietro Borrello <borre...@diag.uniroma1.it> Raag Jadav <raag.ja...@intel.com> Rafal Romanowski <rafal.romanow...@intel.com> Rafał Miłecki <ra...@milecki.pl> Ronak Doshi <dos...@vmware.com> Siddharth Vadapalli <s-vadapa...@ti.com> Simon Horman <simon.hor...@corigine.com> Tony Nguyen <anthony.l.ngu...@intel.com> Tung Nguyen <tung.q.ngu...@dektech.com.au> Vignesh Raghavendra <vigne...@ti.com> Werner Sembach <w...@tuxedocomputers.com> Xin Long <lucien....@gmail.com> Yinjun Zhang <yinjun.zh...@corigine.com> jobs: build-amd64-xsm pass build-arm64-xsm pass build-i386-xsm pass build-amd64 pass build-arm64 pass build-armhf starved build-i386 pass build-amd64-libvirt pass build-arm64-libvirt pass build-armhf-libvirt starved build-i386-libvirt pass build-amd64-pvops pass build-arm64-pvops pass build-armhf-pvops pass build-i386-pvops pass test-amd64-amd64-xl pass test-amd64-coresched-amd64-xl pass test-arm64-arm64-xl pass test-armhf-armhf-xl starved test-amd64-amd64-libvirt-qemuu-debianhvm-amd64-xsm pass test-amd64-amd64-xl-qemut-stubdom-debianhvm-amd64-xsm pass test-amd64-amd64-xl-qemut-debianhvm-i386-xsm fail test-amd64-amd64-xl-qemuu-debianhvm-i386-xsm pass test-amd64-amd64-libvirt-xsm pass test-arm64-arm64-libvirt-xsm pass test-amd64-amd64-xl-xsm pass test-arm64-arm64-xl-xsm pass test-amd64-amd64-qemuu-nested-amd fail test-amd64-amd64-xl-pvhv2-amd pass test-amd64-amd64-dom0pvh-xl-amd pass test-amd64-amd64-xl-qemut-debianhvm-amd64 pass test-amd64-amd64-xl-qemuu-debianhvm-amd64 pass test-amd64-amd64-freebsd11-amd64 pass test-amd64-amd64-freebsd12-amd64 fail test-amd64-amd64-xl-qemuu-ovmf-amd64 pass test-amd64-amd64-xl-qemut-win7-amd64 fail test-amd64-amd64-xl-qemuu-win7-amd64 fail test-amd64-amd64-xl-qemut-ws16-amd64 fail test-amd64-amd64-xl-qemuu-ws16-amd64 fail test-amd64-amd64-examine-bios pass test-amd64-amd64-xl-credit1 pass test-arm64-arm64-xl-credit1 pass test-armhf-armhf-xl-credit1 starved test-amd64-amd64-xl-credit2 pass test-arm64-arm64-xl-credit2 pass test-armhf-armhf-xl-credit2 starved test-armhf-armhf-xl-cubietruck starved test-amd64-amd64-xl-qemuu-dmrestrict-amd64-dmrestrict pass test-amd64-amd64-examine pass test-arm64-arm64-examine pass test-armhf-armhf-examine starved test-amd64-amd64-qemuu-nested-intel pass test-amd64-amd64-xl-pvhv2-intel pass test-amd64-amd64-dom0pvh-xl-intel pass test-amd64-amd64-libvirt pass test-armhf-armhf-libvirt starved test-amd64-amd64-xl-multivcpu pass test-armhf-armhf-xl-multivcpu starved test-amd64-amd64-pair pass test-amd64-amd64-libvirt-pair pass test-amd64-amd64-xl-pvshim pass test-amd64-amd64-pygrub pass test-amd64-amd64-libvirt-qcow2 pass test-armhf-armhf-libvirt-qcow2 starved test-amd64-amd64-libvirt-raw pass test-arm64-arm64-libvirt-raw pass test-armhf-armhf-libvirt-raw starved test-amd64-amd64-xl-rtds pass test-armhf-armhf-xl-rtds starved test-amd64-amd64-xl-qemuu-debianhvm-amd64-shadow pass test-amd64-amd64-xl-shadow pass test-arm64-arm64-xl-thunderx pass test-amd64-amd64-examine-uefi pass test-amd64-amd64-xl-vhd pass test-arm64-arm64-xl-vhd pass test-armhf-armhf-xl-vhd starved ------------------------------------------------------------ sg-report-flight on osstest.test-lab.xenproject.org logs: /home/logs/logs images: /home/logs/images Logs, config files, etc. are available at http://logs.test-lab.xenproject.org/osstest/logs Explanation of these reports, and of osstest in general, is at http://xenbits.xen.org/gitweb/?p=osstest.git;a=blob;f=README.email;hb=master http://xenbits.xen.org/gitweb/?p=osstest.git;a=blob;f=README;hb=master Test harness code can be found at http://xenbits.xen.org/gitweb?p=osstest.git;a=summary Pushing revision : hint: The 'hooks/update' hook was ignored because it's not set as executable. hint: You can disable this warning with `git config advice.ignoredHook false`. hint: The 'hooks/post-receive' hook was ignored because it's not set as executable. hint: You can disable this warning with `git config advice.ignoredHook false`. hint: The 'hooks/post-update' hook was ignored because it's not set as executable. hint: You can disable this warning with `git config advice.ignoredHook false`. To xenbits.xen.org:/home/xen/git/linux-pvops.git 033c40a89f55..3ac88fa4605e 3ac88fa4605ec98e545fb3ad0154f575fda2de5f -> tested/linux-linus