flight 184283 linux-linus real [real] http://logs.test-lab.xenproject.org/osstest/logs/184283/
Regressions :-( Tests which did not succeed and are blocking, including tests which could not be run: build-arm64-pvops 6 kernel-build fail REGR. vs. 184270 Tests which did not succeed, but are not blocking: test-arm64-arm64-examine 1 build-check(1) blocked n/a test-arm64-arm64-libvirt-raw 1 build-check(1) blocked n/a test-arm64-arm64-libvirt-xsm 1 build-check(1) blocked n/a test-arm64-arm64-xl 1 build-check(1) blocked n/a test-arm64-arm64-xl-credit1 1 build-check(1) blocked n/a test-arm64-arm64-xl-credit2 1 build-check(1) blocked n/a test-arm64-arm64-xl-thunderx 1 build-check(1) blocked n/a test-arm64-arm64-xl-vhd 1 build-check(1) blocked n/a test-arm64-arm64-xl-xsm 1 build-check(1) blocked n/a test-amd64-amd64-xl-qemut-win7-amd64 19 guest-stop fail like 184270 test-amd64-amd64-xl-qemuu-win7-amd64 19 guest-stop fail like 184270 test-amd64-amd64-xl-qemuu-ws16-amd64 19 guest-stop fail like 184270 test-armhf-armhf-libvirt-qcow2 15 saverestore-support-check fail like 184270 test-armhf-armhf-libvirt-raw 15 saverestore-support-check fail like 184270 test-armhf-armhf-libvirt 16 saverestore-support-check fail like 184270 test-amd64-amd64-xl-qemut-ws16-amd64 19 guest-stop fail like 184270 test-amd64-amd64-qemuu-nested-amd 20 debian-hvm-install/l1/l2 fail like 184270 test-amd64-amd64-libvirt 15 migrate-support-check fail never pass test-amd64-amd64-libvirt-xsm 15 migrate-support-check fail never pass test-armhf-armhf-xl-multivcpu 15 migrate-support-check fail never pass test-armhf-armhf-xl-multivcpu 16 saverestore-support-check fail never pass test-amd64-amd64-libvirt-qcow2 14 migrate-support-check fail never pass test-amd64-amd64-libvirt-qemuu-debianhvm-amd64-xsm 13 migrate-support-check fail never pass test-armhf-armhf-xl-arndale 15 migrate-support-check fail never pass test-armhf-armhf-xl-arndale 16 saverestore-support-check fail never pass test-armhf-armhf-xl-rtds 15 migrate-support-check fail never pass test-armhf-armhf-xl-rtds 16 saverestore-support-check fail never pass test-armhf-armhf-xl-credit1 15 migrate-support-check fail never pass test-armhf-armhf-xl-credit1 16 saverestore-support-check fail never pass test-armhf-armhf-xl-credit2 15 migrate-support-check fail never pass test-armhf-armhf-xl-credit2 16 saverestore-support-check fail never pass test-amd64-amd64-libvirt-raw 14 migrate-support-check fail never pass test-armhf-armhf-libvirt-qcow2 14 migrate-support-check fail never pass test-armhf-armhf-libvirt-raw 14 migrate-support-check fail never pass test-armhf-armhf-xl-vhd 14 migrate-support-check fail never pass test-armhf-armhf-xl-vhd 15 saverestore-support-check fail never pass test-armhf-armhf-libvirt 15 migrate-support-check fail never pass test-armhf-armhf-xl 15 migrate-support-check fail never pass test-armhf-armhf-xl 16 saverestore-support-check fail never pass version targeted for testing: linux 5db8752c3b81bd33a549f6f812bab81e3bb61b20 baseline version: linux 0dd3ee31125508cd67f7e7172247f05b7fd1753a Last test of basis 184270 2024-01-07 20:42:19 Z 1 days Testing same since 184283 2024-01-08 20:10:43 Z 0 days 1 attempts ------------------------------------------------------------ People who touched revisions under test: Abhinav Singh <singhabhinav9051571...@gmail.com> Al Viro <v...@zeniv.linux.org.uk> Alexander Mikhalitsyn <aleksandr.mikhalit...@canonical.com> Amir Goldstein <amir7...@gmail.com> Andrei Vagin <ava...@google.com> Andrew Donnellan <a...@linux.ibm.com> # ocxl Bagas Sanjaya <bagasdo...@gmail.com> Chandan Babu R <chandanb...@kernel.org> Christian Brauner <brau...@kernel.org> Christoph Hellwig <h...@lst.de> Christophe JAILLET <christophe.jail...@wanadoo.fr> Chuck Lever <chuck.le...@oracle.com> Darrick J. Wong <djw...@kernel.org> David Sterba <dste...@suse.com> Dmitry Antipov <dmanti...@yandex.ru> Dmitry Torokhov <dmitry.torok...@gmail.com> Edward Adam Davis <eada...@qq.com> Eric Farman <far...@linux.ibm.com> # s390 Hao Ge <ge...@kylinos.cn> Jan Harkes <jahar...@cs.cmu.edu> Jan Kara <j...@suse.cz> Jann Horn <ja...@google.com> Jeff Layton <jlay...@kernel.org> Jens Axboe <ax...@kernel.dk> Jia Zhu <zhujia...@bytedance.com> Kent Overstreet <kent.overstr...@linux.dev> Linus Torvalds <torva...@linux-foundation.org> Lukas Schauer <lu...@schauer.dev> Martin K. Petersen <martin.peter...@oracle.com> Mateusz Guzik <mjgu...@gmail.com> Matthew Wilcox (Oracle) <wi...@infradead.org> Miklos Szeredi <mszer...@redhat.com> Randy Dunlap <rdun...@infradead.org> Ryusuke Konishi <konishi.ryus...@gmail.com> Vegard Nossum <vegard.nos...@oracle.com> Xin Yin <yinxi...@bytedance.com> Xu Yilun <yilun...@intel.com> YangXin <yx.0xf...@gmail.com> jobs: build-amd64-xsm pass build-arm64-xsm pass build-i386-xsm pass build-amd64 pass build-arm64 pass build-armhf pass build-i386 pass build-amd64-libvirt pass build-arm64-libvirt pass build-armhf-libvirt pass build-i386-libvirt pass build-amd64-pvops pass build-arm64-pvops fail build-armhf-pvops pass build-i386-pvops pass test-amd64-amd64-xl pass test-amd64-coresched-amd64-xl pass test-arm64-arm64-xl blocked test-armhf-armhf-xl pass test-amd64-amd64-libvirt-qemuu-debianhvm-amd64-xsm pass test-amd64-amd64-xl-qemut-stubdom-debianhvm-amd64-xsm pass test-amd64-amd64-xl-qemut-debianhvm-i386-xsm pass test-amd64-amd64-xl-qemuu-debianhvm-i386-xsm pass test-amd64-amd64-libvirt-xsm pass test-arm64-arm64-libvirt-xsm blocked test-amd64-amd64-xl-xsm pass test-arm64-arm64-xl-xsm blocked test-amd64-amd64-qemuu-nested-amd fail test-amd64-amd64-xl-pvhv2-amd pass test-amd64-amd64-dom0pvh-xl-amd pass test-amd64-amd64-xl-qemut-debianhvm-amd64 pass test-amd64-amd64-xl-qemuu-debianhvm-amd64 pass test-amd64-amd64-freebsd11-amd64 pass test-amd64-amd64-freebsd12-amd64 pass test-amd64-amd64-xl-qemuu-ovmf-amd64 pass test-amd64-amd64-xl-qemut-win7-amd64 fail test-amd64-amd64-xl-qemuu-win7-amd64 fail test-amd64-amd64-xl-qemut-ws16-amd64 fail test-amd64-amd64-xl-qemuu-ws16-amd64 fail test-armhf-armhf-xl-arndale pass test-amd64-amd64-examine-bios pass test-amd64-amd64-xl-credit1 pass test-arm64-arm64-xl-credit1 blocked test-armhf-armhf-xl-credit1 pass test-amd64-amd64-xl-credit2 pass test-arm64-arm64-xl-credit2 blocked test-armhf-armhf-xl-credit2 pass test-amd64-amd64-xl-qemuu-dmrestrict-amd64-dmrestrict pass test-amd64-amd64-examine pass test-arm64-arm64-examine blocked test-armhf-armhf-examine pass test-amd64-amd64-qemuu-nested-intel pass test-amd64-amd64-xl-pvhv2-intel pass test-amd64-amd64-dom0pvh-xl-intel pass test-amd64-amd64-libvirt pass test-armhf-armhf-libvirt pass test-amd64-amd64-xl-multivcpu pass test-armhf-armhf-xl-multivcpu pass test-amd64-amd64-pair pass test-amd64-amd64-libvirt-pair pass test-amd64-amd64-xl-pvshim pass test-amd64-amd64-pygrub pass test-amd64-amd64-libvirt-qcow2 pass test-armhf-armhf-libvirt-qcow2 pass test-amd64-amd64-libvirt-raw pass test-arm64-arm64-libvirt-raw blocked test-armhf-armhf-libvirt-raw pass test-amd64-amd64-xl-rtds pass test-armhf-armhf-xl-rtds pass test-amd64-amd64-xl-qemuu-debianhvm-amd64-shadow pass test-amd64-amd64-xl-shadow pass test-arm64-arm64-xl-thunderx blocked test-amd64-amd64-examine-uefi pass test-amd64-amd64-xl-vhd pass test-arm64-arm64-xl-vhd blocked test-armhf-armhf-xl-vhd pass ------------------------------------------------------------ sg-report-flight on osstest.test-lab.xenproject.org logs: /home/logs/logs images: /home/logs/images Logs, config files, etc. are available at http://logs.test-lab.xenproject.org/osstest/logs Explanation of these reports, and of osstest in general, is at http://xenbits.xen.org/gitweb/?p=osstest.git;a=blob;f=README.email;hb=master http://xenbits.xen.org/gitweb/?p=osstest.git;a=blob;f=README;hb=master Test harness code can be found at http://xenbits.xen.org/gitweb?p=osstest.git;a=summary Not pushing. (No revision log; it would be 2717 lines long.)