flight 184638 linux-linus real [real] http://logs.test-lab.xenproject.org/osstest/logs/184638/
Failures :-/ but no regressions. Tests which did not succeed, but are not blocking: test-amd64-amd64-xl-qemut-win7-amd64 19 guest-stop fail like 184633 test-amd64-amd64-xl-qemuu-win7-amd64 19 guest-stop fail like 184633 test-amd64-amd64-xl-qemuu-ws16-amd64 19 guest-stop fail like 184633 test-armhf-armhf-libvirt-qcow2 15 saverestore-support-check fail like 184633 test-armhf-armhf-libvirt-raw 15 saverestore-support-check fail like 184633 test-armhf-armhf-libvirt 16 saverestore-support-check fail like 184633 test-amd64-amd64-xl-qemut-ws16-amd64 19 guest-stop fail like 184633 test-amd64-amd64-qemuu-nested-amd 20 debian-hvm-install/l1/l2 fail like 184633 test-amd64-amd64-libvirt-xsm 15 migrate-support-check fail never pass test-amd64-amd64-libvirt 15 migrate-support-check fail never pass test-arm64-arm64-xl-thunderx 15 migrate-support-check fail never pass test-arm64-arm64-xl-thunderx 16 saverestore-support-check fail never pass test-arm64-arm64-xl 15 migrate-support-check fail never pass test-arm64-arm64-xl 16 saverestore-support-check fail never pass test-arm64-arm64-xl-xsm 15 migrate-support-check fail never pass test-arm64-arm64-xl-xsm 16 saverestore-support-check fail never pass test-arm64-arm64-xl-credit2 15 migrate-support-check fail never pass test-arm64-arm64-xl-credit2 16 saverestore-support-check fail never pass test-arm64-arm64-xl-credit1 15 migrate-support-check fail never pass test-arm64-arm64-xl-credit1 16 saverestore-support-check fail never pass test-arm64-arm64-libvirt-xsm 15 migrate-support-check fail never pass test-arm64-arm64-libvirt-xsm 16 saverestore-support-check fail never pass test-armhf-armhf-xl-multivcpu 15 migrate-support-check fail never pass test-armhf-armhf-xl-multivcpu 16 saverestore-support-check fail never pass test-armhf-armhf-xl 15 migrate-support-check fail never pass test-armhf-armhf-xl 16 saverestore-support-check fail never pass test-armhf-armhf-xl-credit2 15 migrate-support-check fail never pass test-armhf-armhf-xl-credit2 16 saverestore-support-check fail never pass test-armhf-armhf-xl-credit1 15 migrate-support-check fail never pass test-armhf-armhf-xl-credit1 16 saverestore-support-check fail never pass test-amd64-amd64-libvirt-qcow2 14 migrate-support-check fail never pass test-armhf-armhf-xl-arndale 15 migrate-support-check fail never pass test-armhf-armhf-xl-arndale 16 saverestore-support-check fail never pass test-arm64-arm64-libvirt-raw 14 migrate-support-check fail never pass test-arm64-arm64-libvirt-raw 15 saverestore-support-check fail never pass test-arm64-arm64-xl-vhd 14 migrate-support-check fail never pass test-arm64-arm64-xl-vhd 15 saverestore-support-check fail never pass test-amd64-amd64-libvirt-raw 14 migrate-support-check fail never pass test-armhf-armhf-libvirt-qcow2 14 migrate-support-check fail never pass test-amd64-amd64-libvirt-qemuu-debianhvm-amd64-xsm 13 migrate-support-check fail never pass test-armhf-armhf-libvirt-raw 14 migrate-support-check fail never pass test-armhf-armhf-xl-rtds 15 migrate-support-check fail never pass test-armhf-armhf-xl-rtds 16 saverestore-support-check fail never pass test-armhf-armhf-libvirt 15 migrate-support-check fail never pass test-armhf-armhf-xl-vhd 14 migrate-support-check fail never pass test-armhf-armhf-xl-vhd 15 saverestore-support-check fail never pass version targeted for testing: linux 9ed18b0b7765ec3aa5f10843d1c3daaa1a225337 baseline version: linux 1f719a2f3fa67665578c759ac34fd3d3690c1a20 Last test of basis 184633 2024-02-09 05:12:11 Z 1 days Testing same since 184638 2024-02-09 20:12:33 Z 0 days 1 attempts ------------------------------------------------------------ People who touched revisions under test: Abhinav Kumar <quic_abhin...@quicinc.com> Alex Deucher <alexander.deuc...@amd.com> Alexander Hansen <alexander.han...@9elements.com> Alexander Stein <alexander.st...@ew.tq-group.com> Alexandre Ghiti <alexgh...@rivosinc.com> Alvin Lee <alvin.l...@amd.com> Andrew Bresticker <abres...@rivosinc.com> Ard Biesheuvel <a...@kernel.org> Arnd Bergmann <a...@arndb.de> Bartosz Golaszewski <bartosz.golaszew...@linaro.org> Ben Dooks <ben.do...@codethink.co.uk> Bjorn Helgaas <bhelg...@google.com> Brian Welty <brian.we...@intel.com> Dan Carpenter <dan.carpen...@linaro.org> Danilo Krummrich <d...@redhat.com> Dave Airlie <airl...@redhat.com> Dmitry Baryshkov <dmitry.barysh...@linaro.org> Eugen Hristev <eugen.hris...@collabora.com> Fangzhi Zuo <jerry....@amd.com> Fred Ai <fred...@bayhubtech.com> Geert Uytterhoeven <geert+rene...@glider.be> Grzegorz Trzebiatowski <grzegorz.trzebiatow...@intel.com> Guenter Roeck <li...@roeck-us.net> Hamza Mahfooz <hamza.mahf...@amd.com> Ira Weiny <ira.we...@intel.com> Jacek Lawrynowicz <jacek.lawrynow...@linux.intel.com> Jan Kiszka <jan.kis...@siemens.com> Jani Nikula <jani.nik...@intel.com> Jiri Olsa <jo...@kernel.org> Joonas Lahtinen <joonas.lahti...@linux.intel.com> Konrad Dybcio <konrad.dyb...@linaro.org> Krystian Pradzynski <krystian.pradzyn...@intel.com> Kuogee Hsieh <quic_khs...@quicinc.com> Li Ma <li...@amd.com> Li zeming <zem...@nfschina.com> Lijo Lazar <lijo.la...@amd.com> Linus Torvalds <torva...@linux-foundation.org> Loic Prylli <lpry...@netflix.com> Lucas De Marchi <lucas.demar...@intel.com> Mario Limonciello <mario.limoncie...@amd.com> Mark Rutland <mark.rutl...@arm.com> [arm64] Masami Hiramatsu (Google) <mhira...@kernel.org> Matthew Auld <matthew.a...@intel.com> Matthew Brost <matthew.br...@intel.com> Maxime Ripard <mrip...@kernel.org> Maxime Ripard <mrip...@redhat.com> Nathan Chancellor <nat...@kernel.org> Nicholas Kazlauskas <nicholas.kazlaus...@amd.com> Palmer Dabbelt <pal...@rivosinc.com> Prike Liang <prike.li...@amd.com> Randy Dunlap <rdun...@infradead.org> Richard Acayan <mailingrad...@gmail.com> Rob Clark <robdcl...@gmail.com> Rodrigo Siqueira <rodrigo.sique...@amd.com> Saleemkhan Jamadar <saleemkhan.jama...@amd.com> Srinivasan Shanmugam <srinivasan.shanmu...@amd.com> Stanley.Yang <stanley.y...@amd.com> Steven Rostedt (Google) <rost...@goodmis.org> Thomas Hellstrom <thomas.hellst...@linux.intel.com> Thomas Hellström <thomas.hellst...@linux.intel.com> Timur Tabi <tt...@nvidia.com> Ulf Hansson <ulf.hans...@linaro.org> Vincent Chen <vincent.c...@sifive.com> Wachowski, Karol <karol.wachow...@intel.com> Wenjing Liu <wenjing....@amd.com> Xiaoming Wang <xiaoming.w...@intel.com> Yang Li <yang....@linux.alibaba.com> Zhang Rui <rui.zh...@intel.com> Zhenyu Wang <zhen...@linux.intel.com> Zhi Wang <zhi.wang.li...@gmail.com> jobs: build-amd64-xsm pass build-arm64-xsm pass build-i386-xsm pass build-amd64 pass build-arm64 pass build-armhf pass build-i386 pass build-amd64-libvirt pass build-arm64-libvirt pass build-armhf-libvirt pass build-i386-libvirt pass build-amd64-pvops pass build-arm64-pvops pass build-armhf-pvops pass build-i386-pvops pass test-amd64-amd64-xl pass test-amd64-coresched-amd64-xl pass test-arm64-arm64-xl pass test-armhf-armhf-xl pass test-amd64-amd64-libvirt-qemuu-debianhvm-amd64-xsm pass test-amd64-amd64-xl-qemut-stubdom-debianhvm-amd64-xsm pass test-amd64-amd64-xl-qemut-debianhvm-i386-xsm pass test-amd64-amd64-xl-qemuu-debianhvm-i386-xsm pass test-amd64-amd64-libvirt-xsm pass test-arm64-arm64-libvirt-xsm pass test-amd64-amd64-xl-xsm pass test-arm64-arm64-xl-xsm pass test-amd64-amd64-qemuu-nested-amd fail test-amd64-amd64-xl-pvhv2-amd pass test-amd64-amd64-dom0pvh-xl-amd pass test-amd64-amd64-xl-qemut-debianhvm-amd64 pass test-amd64-amd64-xl-qemuu-debianhvm-amd64 pass test-amd64-amd64-freebsd11-amd64 pass test-amd64-amd64-freebsd12-amd64 pass test-amd64-amd64-xl-qemuu-ovmf-amd64 pass test-amd64-amd64-xl-qemut-win7-amd64 fail test-amd64-amd64-xl-qemuu-win7-amd64 fail test-amd64-amd64-xl-qemut-ws16-amd64 fail test-amd64-amd64-xl-qemuu-ws16-amd64 fail test-armhf-armhf-xl-arndale pass test-amd64-amd64-examine-bios pass test-amd64-amd64-xl-credit1 pass test-arm64-arm64-xl-credit1 pass test-armhf-armhf-xl-credit1 pass test-amd64-amd64-xl-credit2 pass test-arm64-arm64-xl-credit2 pass test-armhf-armhf-xl-credit2 pass test-amd64-amd64-xl-qemuu-dmrestrict-amd64-dmrestrict pass test-amd64-amd64-examine pass test-arm64-arm64-examine pass test-armhf-armhf-examine pass test-amd64-amd64-qemuu-nested-intel pass test-amd64-amd64-xl-pvhv2-intel pass test-amd64-amd64-dom0pvh-xl-intel pass test-amd64-amd64-libvirt pass test-armhf-armhf-libvirt pass test-amd64-amd64-xl-multivcpu pass test-armhf-armhf-xl-multivcpu pass test-amd64-amd64-pair pass test-amd64-amd64-libvirt-pair pass test-amd64-amd64-xl-pvshim pass test-amd64-amd64-pygrub pass test-amd64-amd64-libvirt-qcow2 pass test-armhf-armhf-libvirt-qcow2 pass test-amd64-amd64-libvirt-raw pass test-arm64-arm64-libvirt-raw pass test-armhf-armhf-libvirt-raw pass test-amd64-amd64-xl-rtds pass test-armhf-armhf-xl-rtds pass test-amd64-amd64-xl-qemuu-debianhvm-amd64-shadow pass test-amd64-amd64-xl-shadow pass test-arm64-arm64-xl-thunderx pass test-amd64-amd64-examine-uefi pass test-amd64-amd64-xl-vhd pass test-arm64-arm64-xl-vhd pass test-armhf-armhf-xl-vhd pass ------------------------------------------------------------ sg-report-flight on osstest.test-lab.xenproject.org logs: /home/logs/logs images: /home/logs/images Logs, config files, etc. are available at http://logs.test-lab.xenproject.org/osstest/logs Explanation of these reports, and of osstest in general, is at http://xenbits.xen.org/gitweb/?p=osstest.git;a=blob;f=README.email;hb=master http://xenbits.xen.org/gitweb/?p=osstest.git;a=blob;f=README;hb=master Test harness code can be found at http://xenbits.xen.org/gitweb?p=osstest.git;a=summary Pushing revision : hint: The 'hooks/update' hook was ignored because it's not set as executable. hint: You can disable this warning with `git config advice.ignoredHook false`. hint: The 'hooks/post-receive' hook was ignored because it's not set as executable. hint: You can disable this warning with `git config advice.ignoredHook false`. hint: The 'hooks/post-update' hook was ignored because it's not set as executable. hint: You can disable this warning with `git config advice.ignoredHook false`. To xenbits.xen.org:/home/xen/git/linux-pvops.git 1f719a2f3fa6..9ed18b0b7765 9ed18b0b7765ec3aa5f10843d1c3daaa1a225337 -> tested/linux-linus