flight 186023 linux-linus real [real] flight 186029 linux-linus real-retest [real] http://logs.test-lab.xenproject.org/osstest/logs/186023/ http://logs.test-lab.xenproject.org/osstest/logs/186029/
Regressions :-( Tests which did not succeed and are blocking, including tests which could not be run: test-armhf-armhf-xl-credit2 10 host-ping-check-xen fail in 186029 REGR. vs. 186018 Tests which are failing intermittently (not blocking): test-armhf-armhf-xl-credit2 8 xen-boot fail pass in 186029-retest test-amd64-amd64-xl-qemut-debianhvm-i386-xsm 12 debian-hvm-install fail pass in 186029-retest Tests which did not succeed, but are not blocking: test-armhf-armhf-xl-arndale 8 xen-boot fail like 186010 test-armhf-armhf-xl-multivcpu 8 xen-boot fail like 186010 test-armhf-armhf-xl 8 xen-boot fail like 186010 test-armhf-armhf-xl-raw 8 xen-boot fail like 186010 test-amd64-amd64-xl-qemut-win7-amd64 19 guest-stop fail like 186018 test-amd64-amd64-xl-qemuu-win7-amd64 19 guest-stop fail like 186018 test-amd64-amd64-xl-qemuu-ws16-amd64 19 guest-stop fail like 186018 test-armhf-armhf-xl-credit1 8 xen-boot fail like 186018 test-armhf-armhf-examine 8 reboot fail like 186018 test-armhf-armhf-libvirt 16 saverestore-support-check fail like 186018 test-amd64-amd64-qemuu-nested-amd 20 debian-hvm-install/l1/l2 fail like 186018 test-amd64-amd64-xl-qemut-ws16-amd64 19 guest-stop fail like 186018 test-amd64-amd64-libvirt 15 migrate-support-check fail never pass test-amd64-amd64-libvirt-xsm 15 migrate-support-check fail never pass test-arm64-arm64-xl 15 migrate-support-check fail never pass test-arm64-arm64-xl-thunderx 15 migrate-support-check fail never pass test-arm64-arm64-xl 16 saverestore-support-check fail never pass test-arm64-arm64-xl-thunderx 16 saverestore-support-check fail never pass test-amd64-amd64-libvirt-qemuu-debianhvm-amd64-xsm 13 migrate-support-check fail never pass test-arm64-arm64-xl-credit2 15 migrate-support-check fail never pass test-arm64-arm64-xl-credit2 16 saverestore-support-check fail never pass test-arm64-arm64-libvirt-xsm 15 migrate-support-check fail never pass test-arm64-arm64-libvirt-xsm 16 saverestore-support-check fail never pass test-arm64-arm64-xl-xsm 15 migrate-support-check fail never pass test-arm64-arm64-xl-xsm 16 saverestore-support-check fail never pass test-arm64-arm64-xl-credit1 15 migrate-support-check fail never pass test-arm64-arm64-xl-credit1 16 saverestore-support-check fail never pass test-amd64-amd64-libvirt-qcow2 14 migrate-support-check fail never pass test-amd64-amd64-libvirt-raw 14 migrate-support-check fail never pass test-amd64-amd64-libvirt-vhd 14 migrate-support-check fail never pass test-arm64-arm64-xl-vhd 14 migrate-support-check fail never pass test-arm64-arm64-xl-vhd 15 saverestore-support-check fail never pass test-armhf-armhf-xl-rtds 15 migrate-support-check fail never pass test-armhf-armhf-xl-rtds 16 saverestore-support-check fail never pass test-armhf-armhf-libvirt 15 migrate-support-check fail never pass test-armhf-armhf-libvirt-vhd 14 migrate-support-check fail never pass test-armhf-armhf-libvirt-vhd 15 saverestore-support-check fail never pass test-arm64-arm64-libvirt-raw 14 migrate-support-check fail never pass test-arm64-arm64-libvirt-raw 15 saverestore-support-check fail never pass test-armhf-armhf-xl-qcow2 14 migrate-support-check fail never pass test-armhf-armhf-xl-qcow2 15 saverestore-support-check fail never pass version targeted for testing: linux ea5f6ad9ad9645733b72ab53a98e719b460d36a6 baseline version: linux 3c999d1ae3c75991902a1a7dad0cb62c2a3008b4 Last test of basis 186018 2024-05-16 15:33:02 Z 0 days Testing same since 186023 2024-05-17 01:13:59 Z 0 days 1 attempts ------------------------------------------------------------ People who touched revisions under test: Aapo Vienamo <aapo.vien...@linux.intel.com> AceLan Kao <acelan....@canonical.com> Adrian Hunter <adrian.hun...@intel.com> Ai Chao <aic...@kylinos.cn> Aleksandr Burakov <a.bura...@rosalinux.ru> Alex Volkov <a...@bootes.sytes.net> Alexander Stein <alexander.st...@ew.tq-group.com> Andreas Helbech Kleist <andreaskle...@gmail.com> Andrzej Pietrasiewicz <andrze...@collabora.com> Andy Shevchenko <andriy.shevche...@linux.intel.com> Andy Shevchenko <andy.shevche...@gmail.com> Angelo Dureghello <adureghe...@baylibre.com> Arend van Spriel <arend.vanspr...@broadcom.com> Armin Wolf <w_ar...@gmx.de> Arnd Bergmann <a...@arndb.de> Arunpravin Paneer Selvam <arunpravin.paneersel...@amd.com> Arvid Norlander <l...@vorpal.se> Avri Altman <avri.alt...@wdc.com> Basavaraj Natikar <basavaraj.nati...@amd.com> Bastien Curutchet <bastien.curutc...@bootlin.com> Ben Fradella <bfrad...@netapp.com> Benjamin Gaignard <benjamin.gaign...@collabora.com> Bingbu Cao <bingbu....@intel.com> Bjorn Helgaas <bhelg...@google.com> Bryan O'Donoghue <bryan.odonog...@linaro.org> Changhuang Liang <changhuang.li...@starfivetech.com> Claudiu Beznea <claudiu.beznea...@bp.renesas.com> Colin Ian King <colin.i.k...@gmail.com> Conor Dooley <conor.doo...@microchip.com> Dan Carpenter <dan.carpen...@linaro.org> Dave Airlie <airl...@redhat.com> Dave Stevenson <dave.steven...@raspberrypi.com> David E. Box <david.e....@linux.intel.com> Denis Arefev <are...@swemel.ru> Devarsh Thakkar <devar...@ti.com> Dongliang Mu <mudonglianga...@gmail.com> Erick Archer <erick.arc...@outlook.com> Eugen Hristev <eugen.hris...@collabora.com> Fabio Estevam <feste...@denx.de> Fei Shao <fs...@chromium.org> Felix Qin <xiaokeqinhea...@126.com> Fullway Wang <fullwayw...@outlook.com> Geert Uytterhoeven <geert+rene...@glider.be> Gergo Koteles <so...@irl.hu> Greg Kroah-Hartman <gre...@linuxfoundation.org> hanchunchao <hanchunc...@inspur.com> Hans de Goede <hdego...@redhat.com> Hans Verkuil <hverkuil-ci...@xs4all.nl> Hien Huynh <hien.huynh...@renesas.com> Hongju Wang <hongju.w...@intel.com> Ihor Matushchak <ihor.matushc...@foobox.net> Ilpo Järvinen <ilpo.jarvi...@linux.intel.com> István Váradi <ivar...@varadiistvan.hu> Ivor Wanders <i...@iwanders.net> Jackson Lee <jackson....@chipsnmedia.com> Jacopo Mondi <jacopo.mo...@ideasonboard.com> Jai Luthra <j-lut...@ti.com> Jean-Michel Hautbois <jeanmichel.hautb...@ideasonboard.com> Jeff Johnson <quic_jjohn...@quicinc.com> Jernej Skrabec <jernej.skra...@gmail.com> Jisheng Zhang <jszh...@kernel.org> Jithu Joseph <jithu.jos...@intel.com> Johnson Wang <johnson.w...@mediatek.com> Jonathan Bergh <bergh.jonat...@gmail.com> Jonathan Woithe <jwoi...@just42.net> Judith Mendez <j...@ti.com> Julia Lawall <julia.law...@inria.fr> Julien Massot <julien.mas...@collabora.com> Kai-Heng Feng <kai.heng.f...@canonical.com> Kalle Valo <kv...@kernel.org> Kate Hsuan <h...@redhat.com> Kieran Bingham <kieran.bing...@ideasonboard.com> Klara Modin <klarasmo...@gmail.com> Konrad Dybcio <konrad.dyb...@linaro.org> Krzysztof Kozlowski <k...@kernel.org> Krzysztof Kozlowski <krzysztof.kozlow...@linaro.org> Kuppuswamy Sathyanarayanan <sathyanarayanan.kuppusw...@linux.intel.com> Lad Prabhakar <prabhakar.mahadev-lad...@bp.renesas.com> Laurent Pinchart <laurent.pinchart+rene...@ideasonboard.com> Laurent Pinchart <laurent.pinch...@ideasonboard.com> Lee Jones <l...@kernel.org> Li Zhijian <lizhij...@fujitsu.com> Linus Torvalds <torva...@linux-foundation.org> Luke D. Jones <l...@ljones.dev> Mark Pearson <mpearson-len...@squebb.ca> Martin Tůma <martin.t...@digiteqautomotive.com> Matthias Schwarzott <z...@gentoo.org> Matthijs Kooijman <matth...@stdin.nl> Maulik Shah <quic_mks...@quicinc.com> Mauro Carvalho Chehab <mche...@kernel.org> Maxim Korotkov <korotkov.maxi...@gmail.com> Maximilian Luz <luzmaximil...@gmail.com> Michael Bunk <mi...@freedict.org> Michael Walle <mwa...@kernel.org> Miguel Ojeda <oj...@kernel.org> Mikhail Rudenko <mike.rude...@gmail.com> Minghao Chi <chi.ming...@zte.com.cn> Miquel Raynal <miquel.ray...@bootlin.com> Mirela Rabulea <mirela.rabu...@nxp.com> Muhammad Usama Anjum <usama.an...@collabora.com> Nathan Chancellor <nat...@kernel.org> Naushir Patuck <na...@raspberrypi.com> Nikita Travkin <nik...@trvn.ru> Niklas Söderlund <niklas.soderlund+rene...@ragnatech.se> Nitin Joshi <njos...@lenovo.com> Oliver Neukum <oneu...@suse.com> Paweł Anikiel <panik...@google.com> Prasad Pandit <p...@fedoraproject.org> Pratyush Yadav <p.ya...@ti.com> Pratyush Yadav <praty...@kernel.org> Rafael J. Wysocki <rafael.j.wyso...@intel.com> Rajeshwar R Shinde <coolr...@gmail.com> Randy Dunlap <rdun...@infradead.org> Ricardo B. Marliere <rica...@marliere.net> Ricardo Ribalda <riba...@chromium.org> Roman Bogoyev <ro...@computercheck.com.au> Rouven Czerwinski <r.czerwin...@pengutronix.de> Sakari Ailus <sakari.ai...@linux.intel.com> Sean Young <s...@mess.org> Sebastian Fricke <sebastian.fri...@collabora.com> Sergey Khimich <serg...@gmail.com> Shyam Sundar S K <shyam-sundar....@amd.com> Simon Glass <s...@chromium.org> Srinivas Pandruvada <srinivas.pandruv...@linux.intel.com> Stanislaw Gruszka <stanislaw.grus...@linux.intel.com> Stefan Herdler <herd...@nurfuerspam.de> Stefan Klug <stefan.k...@ideasonboard.com> Stephen Rothwell <s...@canb.auug.org.au> Szilard Fabian <szfab...@bluemarch.art> Thadeu Lima de Souza Cascardo <casca...@holoscopio.com> Tomi Valkeinen <tomi.valkei...@ideasonboard.com> Tzung-Bi Shih <tzun...@kernel.org> Ulf Hansson <ulf.hans...@linaro.org> Umang Jain <umang.j...@ideasonboard.com> Uwe Kleine-König <u.kleine-koe...@pengutronix.de> Vishnu Sankar <vishnu...@gmail.com> Víctor Gonzalo <victor.gonz...@anddroptable.net> Wadim Mueller <wafg...@gmail.com> Weifeng Liu <weifeng.li...@gmail.com> Xi Pardee <xi.par...@intel.com> yunshui <jiangyuns...@kylinos.cn> Zheyu Ma <zheyum...@gmail.com> Zhipeng Lu <alexi...@zju.edu.cn> jobs: build-amd64-xsm pass build-arm64-xsm pass build-i386-xsm pass build-amd64 pass build-arm64 pass build-armhf pass build-i386 pass build-amd64-libvirt pass build-arm64-libvirt pass build-armhf-libvirt pass build-i386-libvirt pass build-amd64-pvops pass build-arm64-pvops pass build-armhf-pvops pass build-i386-pvops pass test-amd64-amd64-xl pass test-amd64-coresched-amd64-xl pass test-arm64-arm64-xl pass test-armhf-armhf-xl fail test-amd64-amd64-libvirt-qemuu-debianhvm-amd64-xsm pass test-amd64-amd64-xl-qemut-stubdom-debianhvm-amd64-xsm pass test-amd64-amd64-xl-qemut-debianhvm-i386-xsm fail test-amd64-amd64-xl-qemuu-debianhvm-i386-xsm pass test-amd64-amd64-libvirt-xsm pass test-arm64-arm64-libvirt-xsm pass test-amd64-amd64-xl-xsm pass test-arm64-arm64-xl-xsm pass test-amd64-amd64-qemuu-nested-amd fail test-amd64-amd64-xl-pvhv2-amd pass test-amd64-amd64-dom0pvh-xl-amd pass test-amd64-amd64-xl-qemut-debianhvm-amd64 pass test-amd64-amd64-xl-qemuu-debianhvm-amd64 pass test-amd64-amd64-qemuu-freebsd11-amd64 pass test-amd64-amd64-qemuu-freebsd12-amd64 pass test-amd64-amd64-xl-qemuu-ovmf-amd64 pass test-amd64-amd64-xl-qemut-win7-amd64 fail test-amd64-amd64-xl-qemuu-win7-amd64 fail test-amd64-amd64-xl-qemut-ws16-amd64 fail test-amd64-amd64-xl-qemuu-ws16-amd64 fail test-armhf-armhf-xl-arndale fail test-amd64-amd64-examine-bios pass test-amd64-amd64-xl-credit1 pass test-arm64-arm64-xl-credit1 pass test-armhf-armhf-xl-credit1 fail test-amd64-amd64-xl-credit2 pass test-arm64-arm64-xl-credit2 pass test-armhf-armhf-xl-credit2 fail test-amd64-amd64-xl-qemuu-dmrestrict-amd64-dmrestrict pass test-amd64-amd64-examine pass test-arm64-arm64-examine pass test-armhf-armhf-examine fail test-amd64-amd64-qemuu-nested-intel pass test-amd64-amd64-xl-pvhv2-intel pass test-amd64-amd64-dom0pvh-xl-intel pass test-amd64-amd64-libvirt pass test-armhf-armhf-libvirt pass test-amd64-amd64-xl-multivcpu pass test-armhf-armhf-xl-multivcpu fail test-amd64-amd64-pair pass test-amd64-amd64-libvirt-pair pass test-amd64-amd64-xl-pvshim pass test-amd64-amd64-pygrub pass test-amd64-amd64-libvirt-qcow2 pass test-amd64-amd64-xl-qcow2 pass test-armhf-armhf-xl-qcow2 pass test-amd64-amd64-libvirt-raw pass test-arm64-arm64-libvirt-raw pass test-amd64-amd64-xl-raw pass test-armhf-armhf-xl-raw fail test-amd64-amd64-xl-rtds pass test-armhf-armhf-xl-rtds pass test-amd64-amd64-xl-qemuu-debianhvm-amd64-shadow pass test-amd64-amd64-xl-shadow pass test-arm64-arm64-xl-thunderx pass test-amd64-amd64-examine-uefi pass test-amd64-amd64-libvirt-vhd pass test-armhf-armhf-libvirt-vhd pass test-amd64-amd64-xl-vhd pass test-arm64-arm64-xl-vhd pass ------------------------------------------------------------ sg-report-flight on osstest.test-lab.xenproject.org logs: /home/logs/logs images: /home/logs/images Logs, config files, etc. are available at http://logs.test-lab.xenproject.org/osstest/logs Explanation of these reports, and of osstest in general, is at http://xenbits.xen.org/gitweb/?p=osstest.git;a=blob;f=README.email;hb=master http://xenbits.xen.org/gitweb/?p=osstest.git;a=blob;f=README;hb=master Test harness code can be found at http://xenbits.xen.org/gitweb?p=osstest.git;a=summary Not pushing. (No revision log; it would be 9993 lines long.)