flight 132748 linux-4.9 real [real] http://logs.test-lab.xenproject.org/osstest/logs/132748/
Failures :-/ but no regressions. Tests which did not succeed, but are not blocking: test-amd64-amd64-xl-qemut-win7-amd64 17 guest-stop fail like 132521 test-amd64-i386-xl-qemut-win7-amd64 17 guest-stop fail like 132521 test-amd64-amd64-xl-qemuu-win7-amd64 17 guest-stop fail like 132521 test-amd64-i386-xl-qemuu-win7-amd64 17 guest-stop fail like 132521 test-amd64-amd64-xl-qemuu-ws16-amd64 17 guest-stop fail like 132521 test-amd64-amd64-xl-qemuu-dmrestrict-amd64-dmrestrict 10 debian-hvm-install fail never pass test-amd64-amd64-xl-pvhv2-intel 12 guest-start fail never pass test-amd64-i386-xl-qemuu-dmrestrict-amd64-dmrestrict 10 debian-hvm-install fail never pass test-amd64-amd64-xl-pvhv2-amd 12 guest-start fail never pass test-amd64-amd64-libvirt-xsm 13 migrate-support-check fail never pass test-amd64-amd64-libvirt 13 migrate-support-check fail never pass test-amd64-i386-libvirt-xsm 13 migrate-support-check fail never pass test-amd64-i386-xl-pvshim 12 guest-start fail never pass test-amd64-i386-libvirt 13 migrate-support-check fail never pass test-arm64-arm64-xl-xsm 13 migrate-support-check fail never pass test-arm64-arm64-xl-xsm 14 saverestore-support-check fail never pass test-arm64-arm64-xl 13 migrate-support-check fail never pass test-arm64-arm64-xl 14 saverestore-support-check fail never pass test-arm64-arm64-xl-credit2 13 migrate-support-check fail never pass test-arm64-arm64-xl-credit2 14 saverestore-support-check fail never pass test-arm64-arm64-xl-credit1 13 migrate-support-check fail never pass test-arm64-arm64-xl-credit1 14 saverestore-support-check fail never pass test-arm64-arm64-libvirt-xsm 13 migrate-support-check fail never pass test-arm64-arm64-libvirt-xsm 14 saverestore-support-check fail never pass test-amd64-amd64-libvirt-qemuu-debianhvm-amd64-xsm 11 migrate-support-check fail never pass test-amd64-i386-libvirt-qemuu-debianhvm-amd64-xsm 11 migrate-support-check fail never pass test-amd64-amd64-qemuu-nested-amd 17 debian-hvm-install/l1/l2 fail never pass test-amd64-amd64-libvirt-vhd 12 migrate-support-check fail never pass test-armhf-armhf-xl-credit2 13 migrate-support-check fail never pass test-armhf-armhf-xl-credit2 14 saverestore-support-check fail never pass test-armhf-armhf-xl-multivcpu 13 migrate-support-check fail never pass test-armhf-armhf-xl-multivcpu 14 saverestore-support-check fail never pass test-armhf-armhf-xl-credit1 13 migrate-support-check fail never pass test-armhf-armhf-xl-credit1 14 saverestore-support-check fail never pass test-armhf-armhf-xl-rtds 13 migrate-support-check fail never pass test-armhf-armhf-xl-rtds 14 saverestore-support-check fail never pass test-armhf-armhf-libvirt 13 migrate-support-check fail never pass test-armhf-armhf-libvirt 14 saverestore-support-check fail never pass test-armhf-armhf-xl-cubietruck 13 migrate-support-check fail never pass test-armhf-armhf-xl-cubietruck 14 saverestore-support-check fail never pass test-armhf-armhf-xl 13 migrate-support-check fail never pass test-armhf-armhf-xl 14 saverestore-support-check fail never pass test-amd64-amd64-xl-qemut-ws16-amd64 17 guest-stop fail never pass test-amd64-i386-xl-qemut-ws16-amd64 17 guest-stop fail never pass test-amd64-i386-xl-qemuu-ws16-amd64 17 guest-stop fail never pass test-armhf-armhf-libvirt-raw 12 migrate-support-check fail never pass test-armhf-armhf-libvirt-raw 13 saverestore-support-check fail never pass test-armhf-armhf-xl-arndale 13 migrate-support-check fail never pass test-armhf-armhf-xl-arndale 14 saverestore-support-check fail never pass test-armhf-armhf-xl-vhd 12 migrate-support-check fail never pass test-armhf-armhf-xl-vhd 13 saverestore-support-check fail never pass test-amd64-amd64-xl-qemuu-win10-i386 10 windows-install fail never pass test-amd64-amd64-xl-qemut-win10-i386 10 windows-install fail never pass test-amd64-i386-xl-qemut-win10-i386 10 windows-install fail never pass test-amd64-i386-xl-qemuu-win10-i386 10 windows-install fail never pass version targeted for testing: linux a4d0a0910e693dafd83311994e12a0a8a0846694 baseline version: linux 189b75ad3fc2d4a0d40a818ca298526d254ccdc4 Last test of basis 132521 2019-01-28 07:17:10 Z 6 days Testing same since 132661 2019-01-31 07:41:22 Z 3 days 2 attempts ------------------------------------------------------------ People who touched revisions under test: Alexander Popov <alex.po...@linux.com> Anand Jain <anand.j...@oracle.com> Andre Naujoks <nauts...@gmail.com> Ard Biesheuvel <ard.biesheu...@linaro.org> Arnaldo Carvalho de Melo <a...@redhat.com> Arnd Bergmann <a...@arndb.de> Charles Yeh <charlesyeh...@gmail.com> Christian Borntraeger <borntrae...@de.ibm.com> Christoph Hellwig <h...@lst.de> Cong Wang <xiyou.wangc...@gmail.com> Dan Williams <dan.j.willi...@intel.com> Daniel Drake <dr...@endlessm.com> Dave Hansen <dave.han...@linux.intel.com> David Hildenbrand <da...@redhat.com> David S. Miller <da...@davemloft.net> David Sterba <dste...@suse.com> Dmitry Torokhov <dmitry.torok...@gmail.com> Eugeniy Paltsev <eugeniy.palt...@synopsys.com> Gerald Schaefer <gerald.schae...@de.ibm.com> Greg Kroah-Hartman <gre...@linuxfoundation.org> Gustavo A. R. Silva <gust...@embeddedor.com> Ido Schimmel <ido...@mellanox.com> Israel Rukshin <isra...@mellanox.com> Jaegeuk Kim <jaeg...@kernel.org> Jamal Hadi Salim <j...@mojatatu.com> Jason Wang <jasow...@redhat.com> Jeff Mahoney <je...@suse.com> Jens Axboe <ax...@kernel.dk> Jiri Olsa <jo...@kernel.org> Joe Thornber <e...@redhat.com> Johan Hovold <jo...@kernel.org> Kangjie Lu <k...@umn.edu> Kees Cook <keesc...@chromium.org> Kyungtae Kim <kt0...@gmail.com> Larry Finger <larry.fin...@lwfinger.net> Manfred Schlaegl <manfred.schla...@ginzinger.com> Marc Kleine-Budde <m...@pengutronix.de> Marc Zyngier <marc.zyng...@arm.com> Mark Brown <broo...@kernel.org> Martin Schwidefsky <schwidef...@de.ibm.com> Martin Vuille <jpm...@aim.com> Max Schulze <max.schu...@posteo.de> Michael S. Tsirkin <m...@redhat.com> Michael Straube <straube.li...@gmail.com> Mike Snitzer <snit...@redhat.com> Milian Wolff <milian.wo...@kdab.com> Nicolas Pitre <n...@linaro.org> Nicolas Pitre <nicolas.pi...@linaro.org> Oliver Hartkopp <socket...@hartkopp.net> Pan Bian <bianpan2...@163.com> Paolo Abeni <pab...@redhat.com> Paolo Bonzini <pbonz...@redhat.com> Paul Fulghum <pau...@microgate.com> Pavel Shilovsky <pshi...@microsoft.com> Pierre-Louis Bossart <pierre-louis.boss...@linux.intel.com> Pravin B Shelar <pshe...@ovn.org> Raju Rangoju <ra...@chelsio.com> Rasmus Villemoes <li...@rasmusvillemoes.dk> Ross Lagerwall <ross.lagerw...@citrix.com> Sagi Grimberg <s...@grimberg.me> Samir Virmani <sa...@embedur.com> Sasha Levin <sas...@kernel.org> Steve French <stfre...@microsoft.com> Sudip Mukherjee <sudipm.mukher...@gmail.com> Sujith Pandel <sujith_pan...@dell.com> Thomas Gleixner <t...@linutronix.de> Tom Panfil <t...@steelseries.com> Tycho Andersen <ty...@tycho.ws> Vineet Gupta <vgu...@synopsys.com> Yunjian Wang <wangyunj...@huawei.com> jobs: build-amd64-xsm pass build-arm64-xsm pass build-i386-xsm pass build-amd64 pass build-arm64 pass build-armhf pass build-i386 pass build-amd64-libvirt pass build-arm64-libvirt pass build-armhf-libvirt pass build-i386-libvirt pass build-amd64-pvops pass build-arm64-pvops pass build-armhf-pvops pass build-i386-pvops pass build-amd64-rumprun pass build-i386-rumprun pass test-amd64-amd64-xl pass test-arm64-arm64-xl pass test-armhf-armhf-xl pass test-amd64-i386-xl pass test-amd64-amd64-xl-qemut-debianhvm-amd64-xsm pass test-amd64-i386-xl-qemut-debianhvm-amd64-xsm pass test-amd64-amd64-libvirt-qemuu-debianhvm-amd64-xsm pass test-amd64-i386-libvirt-qemuu-debianhvm-amd64-xsm pass test-amd64-amd64-xl-qemuu-debianhvm-amd64-xsm pass test-amd64-i386-xl-qemuu-debianhvm-amd64-xsm pass test-amd64-amd64-xl-qemut-stubdom-debianhvm-amd64-xsm pass test-amd64-i386-xl-qemut-stubdom-debianhvm-amd64-xsm pass test-amd64-amd64-libvirt-xsm pass test-arm64-arm64-libvirt-xsm pass test-amd64-i386-libvirt-xsm pass test-amd64-amd64-xl-xsm pass test-arm64-arm64-xl-xsm pass test-amd64-i386-xl-xsm pass test-amd64-amd64-qemuu-nested-amd fail test-amd64-amd64-xl-pvhv2-amd fail test-amd64-i386-qemut-rhel6hvm-amd pass test-amd64-i386-qemuu-rhel6hvm-amd pass test-amd64-amd64-xl-qemut-debianhvm-amd64 pass test-amd64-i386-xl-qemut-debianhvm-amd64 pass test-amd64-amd64-xl-qemuu-debianhvm-amd64 pass test-amd64-i386-xl-qemuu-debianhvm-amd64 pass test-amd64-i386-freebsd10-amd64 pass test-amd64-amd64-xl-qemuu-ovmf-amd64 pass test-amd64-i386-xl-qemuu-ovmf-amd64 pass test-amd64-amd64-rumprun-amd64 pass test-amd64-amd64-xl-qemut-win7-amd64 fail test-amd64-i386-xl-qemut-win7-amd64 fail test-amd64-amd64-xl-qemuu-win7-amd64 fail test-amd64-i386-xl-qemuu-win7-amd64 fail test-amd64-amd64-xl-qemut-ws16-amd64 fail test-amd64-i386-xl-qemut-ws16-amd64 fail test-amd64-amd64-xl-qemuu-ws16-amd64 fail test-amd64-i386-xl-qemuu-ws16-amd64 fail test-armhf-armhf-xl-arndale pass test-amd64-amd64-xl-credit1 pass test-arm64-arm64-xl-credit1 pass test-armhf-armhf-xl-credit1 pass test-amd64-amd64-xl-credit2 pass test-arm64-arm64-xl-credit2 pass test-armhf-armhf-xl-credit2 pass test-armhf-armhf-xl-cubietruck pass test-amd64-amd64-xl-qemuu-dmrestrict-amd64-dmrestrict fail test-amd64-i386-xl-qemuu-dmrestrict-amd64-dmrestrict fail test-amd64-amd64-examine pass test-arm64-arm64-examine pass test-armhf-armhf-examine pass test-amd64-i386-examine pass test-amd64-i386-freebsd10-i386 pass test-amd64-i386-rumprun-i386 pass test-amd64-amd64-xl-qemut-win10-i386 fail test-amd64-i386-xl-qemut-win10-i386 fail test-amd64-amd64-xl-qemuu-win10-i386 fail test-amd64-i386-xl-qemuu-win10-i386 fail test-amd64-amd64-qemuu-nested-intel pass test-amd64-amd64-xl-pvhv2-intel fail test-amd64-i386-qemut-rhel6hvm-intel pass test-amd64-i386-qemuu-rhel6hvm-intel pass test-amd64-amd64-libvirt pass test-armhf-armhf-libvirt pass test-amd64-i386-libvirt pass test-amd64-amd64-xl-multivcpu pass test-armhf-armhf-xl-multivcpu pass test-amd64-amd64-pair pass test-amd64-i386-pair pass test-amd64-amd64-libvirt-pair pass test-amd64-i386-libvirt-pair pass test-amd64-amd64-amd64-pvgrub pass test-amd64-amd64-i386-pvgrub pass test-amd64-amd64-xl-pvshim pass test-amd64-i386-xl-pvshim fail test-amd64-amd64-pygrub pass test-amd64-amd64-xl-qcow2 pass test-armhf-armhf-libvirt-raw pass test-amd64-i386-xl-raw pass test-amd64-amd64-xl-rtds pass test-armhf-armhf-xl-rtds pass test-amd64-amd64-xl-qemuu-debianhvm-amd64-shadow pass test-amd64-i386-xl-qemuu-debianhvm-amd64-shadow pass test-amd64-amd64-xl-shadow pass test-amd64-i386-xl-shadow pass test-amd64-amd64-libvirt-vhd pass test-armhf-armhf-xl-vhd pass ------------------------------------------------------------ sg-report-flight on osstest.test-lab.xenproject.org logs: /home/logs/logs images: /home/logs/images Logs, config files, etc. are available at http://logs.test-lab.xenproject.org/osstest/logs Explanation of these reports, and of osstest in general, is at http://xenbits.xen.org/gitweb/?p=osstest.git;a=blob;f=README.email;hb=master http://xenbits.xen.org/gitweb/?p=osstest.git;a=blob;f=README;hb=master Test harness code can be found at http://xenbits.xen.org/gitweb?p=osstest.git;a=summary Pushing revision : To xenbits.xen.org:/home/xen/git/linux-pvops.git 189b75ad3fc2..a4d0a0910e69 a4d0a0910e693dafd83311994e12a0a8a0846694 -> tested/linux-4.9 _______________________________________________ Xen-devel mailing list Xen-devel@lists.xenproject.org https://lists.xenproject.org/mailman/listinfo/xen-devel