flight 132754 linux-linus real [real] http://logs.test-lab.xenproject.org/osstest/logs/132754/
Regressions :-( Tests which did not succeed and are blocking, including tests which could not be run: test-amd64-amd64-examine 4 memdisk-try-append fail REGR. vs. 132599 Regressions which are regarded as allowable (not blocking): test-amd64-amd64-rumprun-amd64 17 rumprun-demo-xenstorels/xenstorels.repeat fail REGR. vs. 132599 Tests which did not succeed, but are not blocking: test-amd64-i386-qemut-rhel6hvm-amd 12 guest-start/redhat.repeat fail like 132561 test-amd64-amd64-xl-qemut-win7-amd64 17 guest-stop fail like 132599 test-amd64-i386-xl-qemut-win7-amd64 17 guest-stop fail like 132599 test-armhf-armhf-libvirt 14 saverestore-support-check fail like 132599 test-amd64-amd64-xl-qemuu-win7-amd64 17 guest-stop fail like 132599 test-amd64-i386-xl-qemuu-win7-amd64 17 guest-stop fail like 132599 test-armhf-armhf-libvirt-raw 13 saverestore-support-check fail like 132599 test-amd64-amd64-xl-qemuu-ws16-amd64 17 guest-stop fail like 132599 test-amd64-amd64-xl-qemut-ws16-amd64 17 guest-stop fail like 132599 test-amd64-i386-xl-pvshim 12 guest-start fail never pass test-arm64-arm64-xl-xsm 13 migrate-support-check fail never pass test-arm64-arm64-xl-xsm 14 saverestore-support-check fail never pass test-arm64-arm64-libvirt-xsm 13 migrate-support-check fail never pass test-arm64-arm64-libvirt-xsm 14 saverestore-support-check fail never pass test-arm64-arm64-xl-credit2 13 migrate-support-check fail never pass test-arm64-arm64-xl-credit2 14 saverestore-support-check fail never pass test-arm64-arm64-xl 13 migrate-support-check fail never pass test-arm64-arm64-xl 14 saverestore-support-check fail never pass test-amd64-amd64-libvirt-xsm 13 migrate-support-check fail never pass test-amd64-amd64-libvirt 13 migrate-support-check fail never pass test-amd64-i386-libvirt 13 migrate-support-check fail never pass test-amd64-i386-libvirt-xsm 13 migrate-support-check fail never pass test-amd64-i386-libvirt-qemuu-debianhvm-amd64-xsm 11 migrate-support-check fail never pass test-amd64-amd64-libvirt-qemuu-debianhvm-amd64-xsm 11 migrate-support-check fail never pass test-armhf-armhf-xl-arndale 13 migrate-support-check fail never pass test-armhf-armhf-xl-arndale 14 saverestore-support-check fail never pass test-amd64-amd64-qemuu-nested-amd 17 debian-hvm-install/l1/l2 fail never pass test-amd64-amd64-libvirt-vhd 12 migrate-support-check fail never pass test-armhf-armhf-xl-credit2 13 migrate-support-check fail never pass test-armhf-armhf-xl-credit2 14 saverestore-support-check fail never pass test-armhf-armhf-xl-cubietruck 13 migrate-support-check fail never pass test-armhf-armhf-xl-cubietruck 14 saverestore-support-check fail never pass test-armhf-armhf-xl-multivcpu 13 migrate-support-check fail never pass test-armhf-armhf-xl-multivcpu 14 saverestore-support-check fail never pass test-armhf-armhf-xl-rtds 13 migrate-support-check fail never pass test-armhf-armhf-xl-rtds 14 saverestore-support-check fail never pass test-armhf-armhf-libvirt 13 migrate-support-check fail never pass test-arm64-arm64-xl-credit1 13 migrate-support-check fail never pass test-arm64-arm64-xl-credit1 14 saverestore-support-check fail never pass test-armhf-armhf-libvirt-raw 12 migrate-support-check fail never pass test-armhf-armhf-xl-credit1 13 migrate-support-check fail never pass test-armhf-armhf-xl-credit1 14 saverestore-support-check fail never pass test-armhf-armhf-xl 13 migrate-support-check fail never pass test-armhf-armhf-xl 14 saverestore-support-check fail never pass test-amd64-i386-xl-qemuu-ws16-amd64 17 guest-stop fail never pass test-armhf-armhf-xl-vhd 12 migrate-support-check fail never pass test-armhf-armhf-xl-vhd 13 saverestore-support-check fail never pass test-amd64-i386-xl-qemut-ws16-amd64 17 guest-stop fail never pass test-amd64-amd64-xl-qemut-win10-i386 10 windows-install fail never pass test-amd64-amd64-xl-qemuu-win10-i386 10 windows-install fail never pass test-amd64-i386-xl-qemut-win10-i386 10 windows-install fail never pass test-amd64-i386-xl-qemuu-win10-i386 10 windows-install fail never pass version targeted for testing: linux cd984a5be21549273a3f13b52a8b7b84097b32a7 baseline version: linux 4aa9fc2a435abe95a1e8d7f8c7b3d6356514b37a Last test of basis 132599 2019-01-30 01:09:59 Z 5 days Failing since 132669 2019-01-31 12:06:18 Z 3 days 2 attempts Testing same since 132754 2019-02-02 17:21:51 Z 1 days 1 attempts ------------------------------------------------------------ People who touched revisions under test: Abel Vesa <abel.v...@nxp.com> Alexei Starovoitov <a...@kernel.org> Alexey Khoroshilov <khoroshi...@ispras.ru> Anders Roxell <anders.rox...@linaro.org> Andreas Gruenbacher <agrue...@redhat.com> Andrew Lunn <and...@lunn.ch> Andy Shevchenko <andy.shevche...@gmail.com> Anna Schumaker <anna.schuma...@netapp.com> Ard Biesheuvel <ard.biesheu...@linaro.org> Ariel Elior <ael...@marvell.com> Arnd Bergmann <a...@arndb.de> Artemy Kovalyov <artem...@mellanox.com> Atsushi Nemoto <atsushi.nem...@sord.co.jp> Aurelien Aptel <aap...@suse.com> Axel Lin <axel....@ingics.com> Aya Levin <a...@mellanox.com> Baolin Wang <baolin.w...@linaro.org> Bartosz Golaszewski <bgolaszew...@baylibre.com> Baruch Siach <bar...@tkos.co.il> Benedict Wong <benedictw...@google.com> Bernard Pidoux <f6...@free.fr> Bob Peterson <rpete...@redhat.com> Bodong Wang <bod...@mellanox.com> Boris Brezillon <bbrezil...@kernel.org> Brian Welty <brian.we...@intel.com> Brijesh Singh <brijesh.si...@amd.com> Catalin Marinas <catalin.mari...@arm.com> Chandan Rajendra <chan...@linux.ibm.com> Chaotian Jing <chaotian.j...@mediatek.com> Christoph Hellwig <h...@lst.de> Colin Ian King <colin.k...@canonical.com> Cong Wang <xiyou.wangc...@gmail.com> Corentin Labbe <cla...@baylibre.com> Dan Carpenter <dan.carpen...@oracle.com> Daniel Borkmann <dan...@iogearbox.net> Darrick J. Wong <darrick.w...@oracle.com> Dave Watson <davejwat...@fb.com> David S. Miller <da...@davemloft.net> Dennis Dalessandro <dennis.dalessan...@intel.com> Denys Dmytriyenko <de...@ti.com> Derek Basehore <dbaseh...@chromium.org> Dmitry Torokhov <dmitry.torok...@gmail.com> Dmitry Vyukov <dvyu...@google.com> Doug Smythies <doug.smyth...@gmail.com> Doug Smythies <dsmyth...@telus.net> Fathi Boudra <fathi.bou...@linaro.org> Feras Daoud <fera...@mellanox.com> Fernando Fernandez Mancera <ffmanc...@riseup.net> Florian Westphal <f...@strlen.de> Frank Wunderlich <fran...@public-files.de> Gerald Schaefer <gerald.schae...@de.ibm.com> Harini Katakam <harini.kata...@xilinx.com> Herbert Xu <herb...@gondor.apana.org.au> Jack Morgenstein <ja...@dev.mellanox.co.il> Jakub Kicinski <jakub.kicin...@netronome.com> James Morse <james.mo...@arm.com> Jason Gunthorpe <j...@mellanox.com> Jason Wang <jasow...@redhat.com> Jerry Snitselaar <jsnit...@redhat.com> Jesper Dangaard Brouer <bro...@redhat.com> Jisheng Zhang <jisheng.zh...@synaptics.com> Joerg Roedel <jroe...@suse.de> Johannes Berg <johannes.b...@intel.com> John Fastabend <john.fastab...@gmail.com> John Johansen <john.johan...@canonical.com> Jordan Glover <golden_mille...@protonmail.ch> Josh Elsasser <jelsas...@appneta.com> Kailang Yang <kail...@realtek.com> Kees Cook <keesc...@chromium.org> Koen Vandeputte <koen.vandepu...@ncentric.com> Krzysztof Halasa <khal...@piap.pl> Lee Jones <lee.jo...@linaro.org> Leon Romanovsky <leo...@mellanox.com> Leonard Crestez <leonard.cres...@nxp.com> Lijun Ou <ouli...@huawei.com> Linus Torvalds <torva...@linux-foundation.org> Linus Walleij <linus.wall...@linaro.org> Lorenzo Pieralisi <lorenzo.pieral...@arm.com> Lubomir Rintel <lkund...@v3.sk> Lukas Wunner <lu...@wunner.de> Manish Chopra <mani...@marvell.com> Mark Bloch <ma...@mellanox.com> Masami Hiramatsu <mhira...@kernel.org> Max Filippov <jcmvb...@gmail.com> Michael J. Ruhl <michael.j.r...@intel.com> Mike Marciniszyn <mike.marcinis...@intel.com> Moni Shoua <mo...@mellanox.com> Nagadheeraj Rottela <rnagadhee...@marvell.com> Neo Hou <neo....@unisoc.com> Nir Dotan <n...@mellanox.com> Olek Poplavsky <woodenb...@gmail.com> Or Gerlitz <ogerl...@mellanox.com> Pablo Neira Ayuso <pa...@netfilter.org> Pavel Shilovsky <pshi...@microsoft.com> Peng Li <lipeng...@huawei.com> Petr Vorel <pvo...@suse.cz> Piotr Jaroszynski <pjaroszyn...@nvidia.com> Rafael J. Wysocki <rafael.j.wyso...@intel.com> Roger Quadros <rog...@ti.com> Ronnie Sahlberg <lsahl...@redhat.com> Saeed Mahameed <sae...@mellanox.com> Sean Young <s...@mess.org> Shay Agroskin <sha...@mellanox.com> Shijith Thotton <sthot...@marvell.com> Shuah Khan <sh...@kernel.org> Simon Horman <ho...@verge.net.au> Sinan Kaya <ok...@kernel.org> Stefan Agner <ste...@agner.ch> Stefan Hajnoczi <stefa...@redhat.com> Stefan Wahren <stefan.wah...@i2se.com> Steffen Klassert <steffen.klass...@secunet.com> Stephen Boyd <sb...@kernel.org> Steve French <stfre...@microsoft.com> Su Yanjun <suyj.f...@cn.fujitsu.com> Suravee Suthikulpanit <suravee.suthikulpa...@amd.com> Takashi Iwai <ti...@suse.de> Taniya Das <t...@codeaurora.org> Tero Kristo <t-kri...@ti.com> Thor Thayer <thor.tha...@linux.intel.com> Tim Harvey <thar...@gateworks.com> Tomonori Sakita <tomonori.sak...@sord.co.jp> Trond Myklebust <trond.mykleb...@hammerspace.com> Trond Myklebust <tron...@gmail.com> Ulf Hansson <ulf.hans...@linaro.org> Vincent Guittot <vincent.guit...@linaro.org> Waiman Long <long...@redhat.com> Will Deacon <will.dea...@arm.com> Yang Wei <albin_y...@163.com> Yang Wei <yang.w...@zte.com.cn> Yao Liu <yotta....@ucloud.cn> Yishai Hadas <yish...@mellanox.com> Yonglong Liu <liuyongl...@huawei.com> ZhangXiaoxu <zhangxiao...@huawei.com> jobs: build-amd64-xsm pass build-arm64-xsm pass build-i386-xsm pass build-amd64 pass build-arm64 pass build-armhf pass build-i386 pass build-amd64-libvirt pass build-arm64-libvirt pass build-armhf-libvirt pass build-i386-libvirt pass build-amd64-pvops pass build-arm64-pvops pass build-armhf-pvops pass build-i386-pvops pass build-amd64-rumprun pass build-i386-rumprun pass test-amd64-amd64-xl pass test-arm64-arm64-xl pass test-armhf-armhf-xl pass test-amd64-i386-xl pass test-amd64-amd64-xl-qemut-debianhvm-amd64-xsm pass test-amd64-i386-xl-qemut-debianhvm-amd64-xsm pass test-amd64-amd64-libvirt-qemuu-debianhvm-amd64-xsm pass test-amd64-i386-libvirt-qemuu-debianhvm-amd64-xsm pass test-amd64-amd64-xl-qemuu-debianhvm-amd64-xsm pass test-amd64-i386-xl-qemuu-debianhvm-amd64-xsm pass test-amd64-amd64-xl-qemut-stubdom-debianhvm-amd64-xsm pass test-amd64-i386-xl-qemut-stubdom-debianhvm-amd64-xsm pass test-amd64-amd64-libvirt-xsm pass test-arm64-arm64-libvirt-xsm pass test-amd64-i386-libvirt-xsm pass test-amd64-amd64-xl-xsm pass test-arm64-arm64-xl-xsm pass test-amd64-i386-xl-xsm pass test-amd64-amd64-qemuu-nested-amd fail test-amd64-amd64-xl-pvhv2-amd pass test-amd64-i386-qemut-rhel6hvm-amd fail test-amd64-i386-qemuu-rhel6hvm-amd pass test-amd64-amd64-xl-qemut-debianhvm-amd64 pass test-amd64-i386-xl-qemut-debianhvm-amd64 pass test-amd64-amd64-xl-qemuu-debianhvm-amd64 pass test-amd64-i386-xl-qemuu-debianhvm-amd64 pass test-amd64-i386-freebsd10-amd64 pass test-amd64-amd64-xl-qemuu-ovmf-amd64 pass test-amd64-i386-xl-qemuu-ovmf-amd64 pass test-amd64-amd64-rumprun-amd64 fail test-amd64-amd64-xl-qemut-win7-amd64 fail test-amd64-i386-xl-qemut-win7-amd64 fail test-amd64-amd64-xl-qemuu-win7-amd64 fail test-amd64-i386-xl-qemuu-win7-amd64 fail test-amd64-amd64-xl-qemut-ws16-amd64 fail test-amd64-i386-xl-qemut-ws16-amd64 fail test-amd64-amd64-xl-qemuu-ws16-amd64 fail test-amd64-i386-xl-qemuu-ws16-amd64 fail test-armhf-armhf-xl-arndale pass test-amd64-amd64-xl-credit1 pass test-arm64-arm64-xl-credit1 pass test-armhf-armhf-xl-credit1 pass test-amd64-amd64-xl-credit2 pass test-arm64-arm64-xl-credit2 pass test-armhf-armhf-xl-credit2 pass test-armhf-armhf-xl-cubietruck pass test-amd64-amd64-xl-qemuu-dmrestrict-amd64-dmrestrict pass test-amd64-i386-xl-qemuu-dmrestrict-amd64-dmrestrict pass test-amd64-amd64-examine pass test-arm64-arm64-examine pass test-armhf-armhf-examine pass test-amd64-i386-examine pass test-amd64-i386-freebsd10-i386 pass test-amd64-i386-rumprun-i386 pass test-amd64-amd64-xl-qemut-win10-i386 fail test-amd64-i386-xl-qemut-win10-i386 fail test-amd64-amd64-xl-qemuu-win10-i386 fail test-amd64-i386-xl-qemuu-win10-i386 fail test-amd64-amd64-qemuu-nested-intel pass test-amd64-amd64-xl-pvhv2-intel pass test-amd64-i386-qemut-rhel6hvm-intel pass test-amd64-i386-qemuu-rhel6hvm-intel pass test-amd64-amd64-libvirt pass test-armhf-armhf-libvirt pass test-amd64-i386-libvirt pass test-amd64-amd64-xl-multivcpu pass test-armhf-armhf-xl-multivcpu pass test-amd64-amd64-pair pass test-amd64-i386-pair pass test-amd64-amd64-libvirt-pair pass test-amd64-i386-libvirt-pair pass test-amd64-amd64-amd64-pvgrub pass test-amd64-amd64-i386-pvgrub pass test-amd64-amd64-xl-pvshim pass test-amd64-i386-xl-pvshim fail test-amd64-amd64-pygrub pass test-amd64-amd64-xl-qcow2 pass test-armhf-armhf-libvirt-raw pass test-amd64-i386-xl-raw pass test-amd64-amd64-xl-rtds pass test-armhf-armhf-xl-rtds pass test-amd64-amd64-xl-qemuu-debianhvm-amd64-shadow pass test-amd64-i386-xl-qemuu-debianhvm-amd64-shadow pass test-amd64-amd64-xl-shadow pass test-amd64-i386-xl-shadow pass test-amd64-amd64-libvirt-vhd pass test-armhf-armhf-xl-vhd pass ------------------------------------------------------------ sg-report-flight on osstest.test-lab.xenproject.org logs: /home/logs/logs images: /home/logs/images Logs, config files, etc. are available at http://logs.test-lab.xenproject.org/osstest/logs Explanation of these reports, and of osstest in general, is at http://xenbits.xen.org/gitweb/?p=osstest.git;a=blob;f=README.email;hb=master http://xenbits.xen.org/gitweb/?p=osstest.git;a=blob;f=README;hb=master Test harness code can be found at http://xenbits.xen.org/gitweb?p=osstest.git;a=summary Not pushing. (No revision log; it would be 4202 lines long.) _______________________________________________ Xen-devel mailing list Xen-devel@lists.xenproject.org https://lists.xenproject.org/mailman/listinfo/xen-devel