flight 133353 linux-4.14 real [real] http://logs.test-lab.xenproject.org/osstest/logs/133353/
Regressions :-( Tests which did not succeed and are blocking, including tests which could not be run: test-amd64-i386-xl-qemut-debianhvm-amd64-xsm <job status> broken test-amd64-amd64-libvirt-xsm <job status> broken test-amd64-i386-xl-qemuu-dmrestrict-amd64-dmrestrict <job status> broken test-amd64-i386-xl-qemuu-ovmf-amd64 <job status> broken test-amd64-amd64-i386-pvgrub <job status> broken test-amd64-i386-xl-qemuu-ws16-amd64 <job status> broken build-armhf-pvops <job status> broken test-amd64-i386-xl-qemuu-debianhvm-amd64-xsm <job status> broken build-armhf-pvops 4 host-install(4) broken REGR. vs. 133261 test-amd64-amd64-xl <job status> broken in 133326 build-armhf <job status> broken in 133326 test-amd64-i386-libvirt-qemuu-debianhvm-amd64-xsm <job status> broken in 133326 test-amd64-amd64-libvirt-vhd <job status> broken in 133326 test-amd64-i386-xl-qemuu-win10-i386 <job status> broken in 133326 test-amd64-amd64-xl-pvhv2-intel <job status> broken in 133326 test-amd64-amd64-xl-qemut-debianhvm-amd64-xsm <job status> broken in 133326 test-amd64-amd64-xl-qemut-ws16-amd64 <job status> broken in 133326 test-amd64-amd64-xl-qemuu-ws16-amd64 <job status> broken in 133326 test-amd64-amd64-xl-qemut-win7-amd64 <job status> broken in 133326 test-amd64-amd64-xl-qcow2 <job status> broken in 133326 test-amd64-i386-qemuu-rhel6hvm-intel <job status> broken in 133326 test-amd64-i386-xl-qemut-win10-i386 <job status> broken in 133326 test-amd64-i386-xl-qemut-win7-amd64 <job status> broken in 133326 build-armhf 4 host-install(4) broken in 133326 REGR. vs. 133261 test-amd64-amd64-xl-qemut-debianhvm-amd64-xsm 14 guest-localmigrate fail REGR. vs. 133261 test-amd64-amd64-libvirt-vhd 10 debian-di-install fail REGR. vs. 133261 test-amd64-amd64-qemuu-nested-intel 17 debian-hvm-install/l1/l2 fail REGR. vs. 133261 test-amd64-i386-xl-qemuu-dmrestrict-amd64-dmrestrict 10 debian-hvm-install fail in 133326 REGR. vs. 133261 test-amd64-i386-xl-qemuu-ovmf-amd64 10 debian-hvm-install fail in 133326 REGR. vs. 133261 test-amd64-amd64-i386-pvgrub 10 debian-di-install fail in 133326 REGR. vs. 133261 Tests which are failing intermittently (not blocking): test-amd64-i386-xl-qemut-win7-amd64 4 host-install(4) broken in 133326 pass in 133353 test-amd64-amd64-xl-qemut-ws16-amd64 4 host-install(4) broken in 133326 pass in 133353 test-amd64-amd64-xl-qemuu-ws16-amd64 4 host-install(4) broken in 133326 pass in 133353 test-amd64-amd64-libvirt-vhd 4 host-install(4) broken in 133326 pass in 133353 test-amd64-amd64-xl 4 host-install(4) broken in 133326 pass in 133353 test-amd64-i386-xl-qemuu-win10-i386 4 host-install(4) broken in 133326 pass in 133353 test-amd64-i386-qemuu-rhel6hvm-intel 4 host-install(4) broken in 133326 pass in 133353 test-amd64-amd64-xl-qemut-debianhvm-amd64-xsm 4 host-install(4) broken in 133326 pass in 133353 test-amd64-amd64-xl-pvhv2-intel 4 host-install(4) broken in 133326 pass in 133353 test-amd64-amd64-xl-qemut-win7-amd64 4 host-install(4) broken in 133326 pass in 133353 test-amd64-i386-libvirt-qemuu-debianhvm-amd64-xsm 4 host-install(4) broken in 133326 pass in 133353 test-amd64-i386-xl-qemut-win10-i386 4 host-install(4) broken in 133326 pass in 133353 test-amd64-amd64-xl-qcow2 4 host-install(4) broken in 133326 pass in 133353 test-amd64-i386-xl-qemut-debianhvm-amd64-xsm 4 host-install(4) broken pass in 133326 test-amd64-amd64-i386-pvgrub 4 host-install(4) broken pass in 133326 test-amd64-i386-xl-qemuu-ws16-amd64 4 host-install(4) broken pass in 133326 test-amd64-i386-xl-qemuu-ovmf-amd64 4 host-install(4) broken pass in 133326 test-amd64-i386-xl-qemuu-debianhvm-amd64-xsm 4 host-install(4) broken pass in 133326 test-amd64-amd64-libvirt-xsm 4 host-install(4) broken pass in 133326 test-amd64-i386-xl-qemuu-dmrestrict-amd64-dmrestrict 4 host-install(4) broken pass in 133326 test-amd64-i386-xl 20 guest-start/debian.repeat fail in 133326 pass in 133353 test-amd64-i386-xl-qemut-stubdom-debianhvm-amd64-xsm 10 debian-hvm-install fail in 133326 pass in 133353 test-amd64-amd64-xl-qemuu-debianhvm-amd64-xsm 18 guest-start/debianhvm.repeat fail in 133326 pass in 133353 test-amd64-amd64-amd64-pvgrub 10 debian-di-install fail in 133326 pass in 133353 test-amd64-amd64-libvirt-qemuu-debianhvm-amd64-xsm 10 debian-hvm-install fail in 133326 pass in 133353 test-amd64-amd64-xl-qemuu-dmrestrict-amd64-dmrestrict 5 host-ping-check-native fail pass in 133326 test-amd64-i386-xl-qemuu-debianhvm-amd64 10 debian-hvm-install fail pass in 133326 test-amd64-i386-xl-qemut-debianhvm-amd64 10 debian-hvm-install fail pass in 133326 Tests which did not succeed, but are not blocking: build-armhf-libvirt 1 build-check(1) blocked in 133326 n/a test-armhf-armhf-libvirt 1 build-check(1) blocked n/a test-armhf-armhf-xl-credit1 1 build-check(1) blocked n/a test-armhf-armhf-xl-rtds 1 build-check(1) blocked n/a test-armhf-armhf-xl-credit2 1 build-check(1) blocked n/a test-armhf-armhf-libvirt-raw 1 build-check(1) blocked n/a test-armhf-armhf-examine 1 build-check(1) blocked n/a test-armhf-armhf-xl-arndale 1 build-check(1) blocked n/a test-armhf-armhf-xl-multivcpu 1 build-check(1) blocked n/a test-armhf-armhf-xl 1 build-check(1) blocked n/a test-armhf-armhf-xl-vhd 1 build-check(1) blocked n/a test-armhf-armhf-xl-cubietruck 1 build-check(1) blocked n/a test-amd64-amd64-libvirt-xsm 13 migrate-support-check fail in 133326 never pass test-amd64-i386-xl-qemuu-ws16-amd64 17 guest-stop fail in 133326 never pass test-amd64-i386-libvirt 13 migrate-support-check fail never pass test-amd64-i386-xl-pvshim 12 guest-start fail never pass test-arm64-arm64-xl-credit1 13 migrate-support-check fail never pass test-arm64-arm64-xl-credit1 14 saverestore-support-check fail never pass test-arm64-arm64-libvirt-xsm 13 migrate-support-check fail never pass test-arm64-arm64-libvirt-xsm 14 saverestore-support-check fail never pass test-arm64-arm64-xl 13 migrate-support-check fail never pass test-arm64-arm64-xl 14 saverestore-support-check fail never pass test-arm64-arm64-xl-credit2 13 migrate-support-check fail never pass test-arm64-arm64-xl-credit2 14 saverestore-support-check fail never pass test-amd64-i386-libvirt-xsm 13 migrate-support-check fail never pass test-arm64-arm64-xl-xsm 13 migrate-support-check fail never pass test-arm64-arm64-xl-xsm 14 saverestore-support-check fail never pass test-amd64-amd64-libvirt 13 migrate-support-check fail never pass test-amd64-i386-libvirt-qemuu-debianhvm-amd64-xsm 11 migrate-support-check fail never pass test-amd64-amd64-libvirt-qemuu-debianhvm-amd64-xsm 11 migrate-support-check fail never pass test-amd64-i386-xl-qemut-win7-amd64 17 guest-stop fail never pass test-amd64-amd64-xl-qemuu-win7-amd64 17 guest-stop fail never pass test-amd64-i386-xl-qemuu-win7-amd64 17 guest-stop fail never pass test-amd64-amd64-xl-qemut-ws16-amd64 17 guest-stop fail never pass test-amd64-amd64-qemuu-nested-amd 17 debian-hvm-install/l1/l2 fail never pass test-amd64-amd64-xl-qemuu-ws16-amd64 17 guest-stop fail never pass test-amd64-i386-xl-qemut-ws16-amd64 17 guest-stop fail never pass test-amd64-amd64-xl-qemut-win7-amd64 17 guest-stop fail never pass test-amd64-amd64-xl-qemuu-win10-i386 10 windows-install fail never pass test-amd64-i386-xl-qemut-win10-i386 10 windows-install fail never pass test-amd64-amd64-xl-qemut-win10-i386 10 windows-install fail never pass test-amd64-i386-xl-qemuu-win10-i386 10 windows-install fail never pass version targeted for testing: linux 5461ace2e2f7b0ebdeca502c743ea819106ecc52 baseline version: linux d6bf9dcebdd11967b2b6c73d7c8f4863624f69c7 Last test of basis 133261 2019-02-15 08:34:26 Z 7 days Testing same since 133326 2019-02-20 09:41:18 Z 2 days 3 attempts ------------------------------------------------------------ People who touched revisions under test: "Eric W. Biederman" <ebied...@xmission.com> Adrian Bunk <b...@kernel.org> Amit Pundir <amit.pun...@linaro.org> Andreas Ziegler <andreas.zieg...@fau.de> Andrew Morton <a...@linux-foundation.org> Andrzej Hajda <a.ha...@samsung.com> Arnaldo Carvalho de Melo <a...@redhat.com> Bartosz Golaszewski <b...@bgdev.pl> Ben Skeggs <bske...@redhat.com> Borislav Petkov <b...@suse.de> Chao Fan <fanc.f...@cn.fujitsu.com> Christian Lamparter <chunk...@gmail.com> Christoph Hellwig <h...@lst.de> Daniel Axtens <d...@axtens.net> David A. Long <dave.l...@linaro.org> David S. Miller <da...@davemloft.net> Dmitry Torokhov <dmitry.torok...@gmail.com> Eric W. Biederman <ebied...@xmission.com> Florian Stecker <m...@florianstecker.de> Greg Kroah-Hartman <gre...@linuxfoundation.org> Gregory CLEMENT <gregory.clem...@bootlin.com> Hauke Mehrtens <ha...@hauke-m.de> Hedi Berriche <hedi.berri...@hpe.com> Ilia Mirkin <imir...@alum.mit.edu> Ingo Molnar <mi...@kernel.org> Jack Wang <jinpu.w...@cloud.ionos.com> Jamie Lentin <j...@lentin.co.uk> Jani Nikula <jani.nik...@intel.com> Jens Axboe <ax...@kernel.dk> Jianchao Wang <jianchao.w.w...@oracle.com> Jiri Olsa <jo...@kernel.org> Jiri Olsa <jo...@redhat.com> Joe Thornber <e...@redhat.com> Jonathan Bakker <xc-rac...@live.ca> Joonas Lahtinen <joonas.lahti...@linux.intel.com> Julien D'Ascenzio <jdascen...@posteo.net> Julien Thierry <julien.thie...@arm.com> Jurica Vukadin <jurica.vuka...@rt-rk.com> Krzysztof Kozlowski <k...@kernel.org> Linus Torvalds <torva...@linux-foundation.org> Linus Walleij <linus.wall...@linaro.org> Liviu Dudau <li...@dudau.co.uk> Manuel Reinhardt <manuel.r...@gmail.com> Masami Hiramatsu <mhira...@kernel.org> Matt Turner <matts...@gmail.com> Matti Kurkela <matti.kurk...@iki.fi> Mauro Ciancio <ma...@acadeu.com> Meelis Roos <mr...@linux.ee> Mike Snitzer <snit...@redhat.com> Mikulas Patocka <mpato...@redhat.com> Nate Dailey <nate.dai...@stratus.com> Nicholas Mc Guire <hof...@osadl.org> Nikos Tsironis <ntsiro...@arrikto.com> Oleg Nesterov <o...@redhat.com> Paolo Bonzini <pbonz...@redhat.com> Pavankumar Kondeti <pkond...@codeaurora.org> Paweł Chmiel <pawel.mikolaj.chm...@gmail.com> Peter Ujfalusi <peter.ujfal...@ti.com> Peter Zijlstra <pet...@infradead.org> Rafael J. Wysocki <rafael.j.wyso...@intel.com> Rob Herring <r...@kernel.org> Ross Lagerwall <ross.lagerw...@citrix.com> Russell King <rmk+ker...@armlinux.org.uk> Sandeep Patil <sspa...@android.com> Sasha Levin <sas...@kernel.org> Sekhar Nori <nsek...@ti.com> Sergei Trofimovich <sly...@gentoo.org> Song Liu <songliubrav...@fb.com> Steve French <stfre...@microsoft.com> Steven Rostedt (VMware) <rost...@goodmis.org> Sudeep Holla <sudeep.ho...@arm.com> Sudip Mukherjee <sudipm.mukher...@gmail.com> Sven Eckelmann <sven.eckelm...@openmesh.com> [ipq4019] Takashi Iwai <ti...@suse.de> Thomas Gleixner <t...@linutronix.de> Tomi Valkeinen <tomi.valkei...@ti.com> Viresh Kumar <viresh.ku...@linaro.org> Vlastimil Babka <vba...@suse.cz> Xiaoyao Li <xiaoyao...@linux.intel.com> jobs: build-amd64-xsm pass build-arm64-xsm pass build-i386-xsm pass build-amd64 pass build-arm64 pass build-armhf pass build-i386 pass build-amd64-libvirt pass build-arm64-libvirt pass build-armhf-libvirt pass build-i386-libvirt pass build-amd64-pvops pass build-arm64-pvops pass build-armhf-pvops broken build-i386-pvops pass build-amd64-rumprun pass build-i386-rumprun pass test-amd64-amd64-xl pass test-arm64-arm64-xl pass test-armhf-armhf-xl blocked test-amd64-i386-xl pass test-amd64-amd64-xl-qemut-debianhvm-amd64-xsm fail test-amd64-i386-xl-qemut-debianhvm-amd64-xsm broken test-amd64-amd64-libvirt-qemuu-debianhvm-amd64-xsm pass test-amd64-i386-libvirt-qemuu-debianhvm-amd64-xsm pass test-amd64-amd64-xl-qemuu-debianhvm-amd64-xsm pass test-amd64-i386-xl-qemuu-debianhvm-amd64-xsm broken test-amd64-amd64-xl-qemut-stubdom-debianhvm-amd64-xsm pass test-amd64-i386-xl-qemut-stubdom-debianhvm-amd64-xsm pass test-amd64-amd64-libvirt-xsm broken test-arm64-arm64-libvirt-xsm pass test-amd64-i386-libvirt-xsm pass test-amd64-amd64-xl-xsm pass test-arm64-arm64-xl-xsm pass test-amd64-i386-xl-xsm pass test-amd64-amd64-qemuu-nested-amd fail test-amd64-amd64-xl-pvhv2-amd pass test-amd64-i386-qemut-rhel6hvm-amd pass test-amd64-i386-qemuu-rhel6hvm-amd pass test-amd64-amd64-xl-qemut-debianhvm-amd64 pass test-amd64-i386-xl-qemut-debianhvm-amd64 fail test-amd64-amd64-xl-qemuu-debianhvm-amd64 pass test-amd64-i386-xl-qemuu-debianhvm-amd64 fail test-amd64-i386-freebsd10-amd64 pass test-amd64-amd64-xl-qemuu-ovmf-amd64 pass test-amd64-i386-xl-qemuu-ovmf-amd64 broken test-amd64-amd64-rumprun-amd64 pass test-amd64-amd64-xl-qemut-win7-amd64 fail test-amd64-i386-xl-qemut-win7-amd64 fail test-amd64-amd64-xl-qemuu-win7-amd64 fail test-amd64-i386-xl-qemuu-win7-amd64 fail test-amd64-amd64-xl-qemut-ws16-amd64 fail test-amd64-i386-xl-qemut-ws16-amd64 fail test-amd64-amd64-xl-qemuu-ws16-amd64 fail test-amd64-i386-xl-qemuu-ws16-amd64 broken test-armhf-armhf-xl-arndale blocked test-amd64-amd64-xl-credit1 pass test-arm64-arm64-xl-credit1 pass test-armhf-armhf-xl-credit1 blocked test-amd64-amd64-xl-credit2 pass test-arm64-arm64-xl-credit2 pass test-armhf-armhf-xl-credit2 blocked test-armhf-armhf-xl-cubietruck blocked test-amd64-amd64-xl-qemuu-dmrestrict-amd64-dmrestrict fail test-amd64-i386-xl-qemuu-dmrestrict-amd64-dmrestrict broken test-amd64-amd64-examine pass test-arm64-arm64-examine pass test-armhf-armhf-examine blocked test-amd64-i386-examine pass test-amd64-i386-freebsd10-i386 pass test-amd64-i386-rumprun-i386 pass test-amd64-amd64-xl-qemut-win10-i386 fail test-amd64-i386-xl-qemut-win10-i386 fail test-amd64-amd64-xl-qemuu-win10-i386 fail test-amd64-i386-xl-qemuu-win10-i386 fail test-amd64-amd64-qemuu-nested-intel fail test-amd64-amd64-xl-pvhv2-intel pass test-amd64-i386-qemut-rhel6hvm-intel pass test-amd64-i386-qemuu-rhel6hvm-intel pass test-amd64-amd64-libvirt pass test-armhf-armhf-libvirt blocked test-amd64-i386-libvirt pass test-amd64-amd64-xl-multivcpu pass test-armhf-armhf-xl-multivcpu blocked test-amd64-amd64-pair pass test-amd64-i386-pair pass test-amd64-amd64-libvirt-pair pass test-amd64-i386-libvirt-pair pass test-amd64-amd64-amd64-pvgrub pass test-amd64-amd64-i386-pvgrub broken test-amd64-amd64-xl-pvshim pass test-amd64-i386-xl-pvshim fail test-amd64-amd64-pygrub pass test-amd64-amd64-xl-qcow2 pass test-armhf-armhf-libvirt-raw blocked test-amd64-i386-xl-raw pass test-amd64-amd64-xl-rtds pass test-armhf-armhf-xl-rtds blocked test-amd64-amd64-xl-qemuu-debianhvm-amd64-shadow pass test-amd64-i386-xl-qemuu-debianhvm-amd64-shadow pass test-amd64-amd64-xl-shadow pass test-amd64-i386-xl-shadow pass test-amd64-amd64-libvirt-vhd fail test-armhf-armhf-xl-vhd blocked ------------------------------------------------------------ sg-report-flight on osstest.test-lab.xenproject.org logs: /home/logs/logs images: /home/logs/images Logs, config files, etc. are available at http://logs.test-lab.xenproject.org/osstest/logs Explanation of these reports, and of osstest in general, is at http://xenbits.xen.org/gitweb/?p=osstest.git;a=blob;f=README.email;hb=master http://xenbits.xen.org/gitweb/?p=osstest.git;a=blob;f=README;hb=master Test harness code can be found at http://xenbits.xen.org/gitweb?p=osstest.git;a=summary broken-job test-amd64-i386-xl-qemut-debianhvm-amd64-xsm broken broken-job test-amd64-amd64-libvirt-xsm broken broken-job test-amd64-i386-xl-qemuu-dmrestrict-amd64-dmrestrict broken broken-job test-amd64-i386-xl-qemuu-ovmf-amd64 broken broken-job test-amd64-amd64-i386-pvgrub broken broken-job test-amd64-i386-xl-qemuu-ws16-amd64 broken broken-job build-armhf-pvops broken broken-job test-amd64-i386-xl-qemuu-debianhvm-amd64-xsm broken broken-step test-amd64-i386-xl-qemut-debianhvm-amd64-xsm host-install(4) broken-step test-amd64-amd64-i386-pvgrub host-install(4) broken-step test-amd64-i386-xl-qemuu-ws16-amd64 host-install(4) broken-step test-amd64-i386-xl-qemuu-ovmf-amd64 host-install(4) broken-step test-amd64-i386-xl-qemuu-debianhvm-amd64-xsm host-install(4) broken-step test-amd64-amd64-libvirt-xsm host-install(4) broken-step test-amd64-i386-xl-qemuu-dmrestrict-amd64-dmrestrict host-install(4) broken-step build-armhf-pvops host-install(4) broken-job test-amd64-amd64-xl broken broken-job build-armhf broken broken-job test-amd64-i386-libvirt-qemuu-debianhvm-amd64-xsm broken broken-job test-amd64-amd64-libvirt-vhd broken broken-job test-amd64-i386-xl-qemuu-win10-i386 broken broken-job test-amd64-amd64-xl-pvhv2-intel broken broken-job test-amd64-amd64-xl-qemut-debianhvm-amd64-xsm broken broken-job test-amd64-amd64-xl-qemut-ws16-amd64 broken broken-job test-amd64-amd64-xl-qemuu-ws16-amd64 broken broken-job test-amd64-amd64-xl-qemut-win7-amd64 broken broken-job test-amd64-amd64-xl-qcow2 broken broken-job test-amd64-i386-qemuu-rhel6hvm-intel broken broken-job test-amd64-i386-xl-qemut-win10-i386 broken broken-job test-amd64-i386-xl-qemut-win7-amd64 broken Not pushing. (No revision log; it would be 1818 lines long.) _______________________________________________ Xen-devel mailing list Xen-devel@lists.xenproject.org https://lists.xenproject.org/mailman/listinfo/xen-devel