flight 144144 libvirt real [real] http://logs.test-lab.xenproject.org/osstest/logs/144144/
Failures :-/ but no regressions. Tests which did not succeed, but are not blocking: test-armhf-armhf-libvirt 14 saverestore-support-check fail like 143023 test-armhf-armhf-libvirt-raw 13 saverestore-support-check fail like 143023 test-amd64-amd64-libvirt-xsm 13 migrate-support-check fail never pass test-amd64-amd64-libvirt 13 migrate-support-check fail never pass test-amd64-i386-libvirt 13 migrate-support-check fail never pass test-amd64-i386-libvirt-qemuu-debianhvm-amd64-xsm 11 migrate-support-check fail never pass test-amd64-i386-libvirt-xsm 13 migrate-support-check fail never pass test-amd64-amd64-libvirt-qemuu-debianhvm-amd64-xsm 11 migrate-support-check fail never pass test-arm64-arm64-libvirt-qcow2 12 migrate-support-check fail never pass test-arm64-arm64-libvirt-qcow2 13 saverestore-support-check fail never pass test-arm64-arm64-libvirt 13 migrate-support-check fail never pass test-arm64-arm64-libvirt-xsm 13 migrate-support-check fail never pass test-arm64-arm64-libvirt-xsm 14 saverestore-support-check fail never pass test-arm64-arm64-libvirt 14 saverestore-support-check fail never pass test-amd64-amd64-libvirt-vhd 12 migrate-support-check fail never pass test-armhf-armhf-libvirt 13 migrate-support-check fail never pass test-armhf-armhf-libvirt-raw 12 migrate-support-check fail never pass version targeted for testing: libvirt 95f5ac9ae52455e9da47afc95fa31c9456ac27ae baseline version: libvirt 2cff65e4c60ed7b3c0c6a97d526d1f8d52c0e919 Last test of basis 143023 2019-10-22 04:19:26 Z 24 days Failing since 143051 2019-10-23 04:18:57 Z 23 days 20 attempts Testing same since 144144 2019-11-15 04:18:42 Z 0 days 1 attempts ------------------------------------------------------------ People who touched revisions under test: Andrea Bolognani <abolo...@redhat.com> Andrew Jones <drjo...@redhat.com> Bjoern Walk <bw...@linux.ibm.com> Daniel Henrique Barboza <danielhb...@gmail.com> Daniel P. Berrangé <berra...@redhat.com> Daniel Veillard <veill...@redhat.com> Eric Blake <ebl...@redhat.com> Jidong Xia <xiajid...@cmss.chinamobile.com> Jim Fehlig <jfeh...@suse.com> Jiri Denemark <jdene...@redhat.com> John Ferlan <jfer...@redhat.com> Jonathon Jongsma <jjong...@redhat.com> Julio Faracco <jcfara...@gmail.com> Ján Tomko <jto...@redhat.com> Laine Stump <la...@laine.org> Laine Stump <la...@redhat.com> Mao Zhongyi <maozhon...@cmss.chinamobile.com> Maya Rashish <co...@sdf.org> Michal Privoznik <mpriv...@redhat.com> Pavel Hrdina <phrd...@redhat.com> Peter Krempa <pkre...@redhat.com> Pino Toscano <ptosc...@redhat.com> Wang Yechao <wang.yechao...@zte.com.cn> Yi Li <y...@winhong.com> Zhang Shengju <zhangshen...@cmss.chinamobile.com> jobs: build-amd64-xsm pass build-arm64-xsm pass build-i386-xsm pass build-amd64 pass build-arm64 pass build-armhf pass build-i386 pass build-amd64-libvirt pass build-arm64-libvirt pass build-armhf-libvirt pass build-i386-libvirt pass build-amd64-pvops pass build-arm64-pvops pass build-armhf-pvops pass build-i386-pvops pass test-amd64-amd64-libvirt-qemuu-debianhvm-amd64-xsm pass test-amd64-i386-libvirt-qemuu-debianhvm-amd64-xsm pass test-amd64-amd64-libvirt-xsm pass test-arm64-arm64-libvirt-xsm pass test-amd64-i386-libvirt-xsm pass test-amd64-amd64-libvirt pass test-arm64-arm64-libvirt pass test-armhf-armhf-libvirt pass test-amd64-i386-libvirt pass test-amd64-amd64-libvirt-pair pass test-amd64-i386-libvirt-pair pass test-arm64-arm64-libvirt-qcow2 pass test-armhf-armhf-libvirt-raw pass test-amd64-amd64-libvirt-vhd pass ------------------------------------------------------------ sg-report-flight on osstest.test-lab.xenproject.org logs: /home/logs/logs images: /home/logs/images Logs, config files, etc. are available at http://logs.test-lab.xenproject.org/osstest/logs Explanation of these reports, and of osstest in general, is at http://xenbits.xen.org/gitweb/?p=osstest.git;a=blob;f=README.email;hb=master http://xenbits.xen.org/gitweb/?p=osstest.git;a=blob;f=README;hb=master Test harness code can be found at http://xenbits.xen.org/gitweb?p=osstest.git;a=summary Pushing revision : To xenbits.xen.org:/home/xen/git/libvirt.git 2cff65e4c6..95f5ac9ae5 95f5ac9ae52455e9da47afc95fa31c9456ac27ae -> xen-tested-master _______________________________________________ Xen-devel mailing list Xen-devel@lists.xenproject.org https://lists.xenproject.org/mailman/listinfo/xen-devel