flight 150225 linux-linus real [real] http://logs.test-lab.xenproject.org/osstest/logs/150225/
Failures :-/ but no regressions. Tests which did not succeed, but are not blocking: test-amd64-amd64-xl-rtds 18 guest-localmigrate/x10 fail blocked in 150221 test-amd64-amd64-xl-qemut-win7-amd64 17 guest-stop fail like 150221 test-armhf-armhf-libvirt 14 saverestore-support-check fail like 150221 test-amd64-amd64-xl-qemuu-win7-amd64 17 guest-stop fail like 150221 test-amd64-amd64-xl-qemut-ws16-amd64 17 guest-stop fail like 150221 test-amd64-i386-xl-qemuu-win7-amd64 17 guest-stop fail like 150221 test-armhf-armhf-xl-rtds 16 guest-start/debian.repeat fail like 150221 test-amd64-i386-xl-qemut-win7-amd64 17 guest-stop fail like 150221 test-armhf-armhf-libvirt-raw 13 saverestore-support-check fail like 150221 test-amd64-amd64-xl-qemuu-ws16-amd64 17 guest-stop fail like 150221 test-amd64-i386-xl-pvshim 12 guest-start fail never pass test-amd64-amd64-libvirt-xsm 13 migrate-support-check fail never pass test-arm64-arm64-xl-seattle 13 migrate-support-check fail never pass test-arm64-arm64-xl-seattle 14 saverestore-support-check fail never pass test-amd64-amd64-libvirt 13 migrate-support-check fail never pass test-amd64-i386-libvirt 13 migrate-support-check fail never pass test-amd64-i386-libvirt-xsm 13 migrate-support-check fail never pass test-amd64-amd64-libvirt-qemuu-debianhvm-amd64-xsm 11 migrate-support-check fail never pass test-amd64-i386-libvirt-qemuu-debianhvm-amd64-xsm 11 migrate-support-check fail never pass test-amd64-amd64-qemuu-nested-amd 17 debian-hvm-install/l1/l2 fail never pass test-arm64-arm64-xl-xsm 13 migrate-support-check fail never pass test-arm64-arm64-xl-xsm 14 saverestore-support-check fail never pass test-arm64-arm64-xl-credit1 13 migrate-support-check fail never pass test-arm64-arm64-xl-credit1 14 saverestore-support-check fail never pass test-arm64-arm64-xl-credit2 13 migrate-support-check fail never pass test-arm64-arm64-xl-credit2 14 saverestore-support-check fail never pass test-arm64-arm64-xl-thunderx 13 migrate-support-check fail never pass test-arm64-arm64-xl 13 migrate-support-check fail never pass test-arm64-arm64-xl-thunderx 14 saverestore-support-check fail never pass test-arm64-arm64-xl 14 saverestore-support-check fail never pass test-armhf-armhf-xl-arndale 13 migrate-support-check fail never pass test-armhf-armhf-xl-arndale 14 saverestore-support-check fail never pass test-arm64-arm64-libvirt-xsm 13 migrate-support-check fail never pass test-arm64-arm64-libvirt-xsm 14 saverestore-support-check fail never pass test-amd64-amd64-libvirt-vhd 12 migrate-support-check fail never pass test-armhf-armhf-libvirt 13 migrate-support-check fail never pass test-armhf-armhf-xl-cubietruck 13 migrate-support-check fail never pass test-armhf-armhf-xl-cubietruck 14 saverestore-support-check fail never pass test-armhf-armhf-xl-rtds 13 migrate-support-check fail never pass test-armhf-armhf-xl-rtds 14 saverestore-support-check fail never pass test-armhf-armhf-xl-multivcpu 13 migrate-support-check fail never pass test-armhf-armhf-xl-multivcpu 14 saverestore-support-check fail never pass test-armhf-armhf-xl-credit2 13 migrate-support-check fail never pass test-armhf-armhf-xl-credit2 14 saverestore-support-check fail never pass test-armhf-armhf-xl 13 migrate-support-check fail never pass test-armhf-armhf-xl 14 saverestore-support-check fail never pass test-amd64-i386-xl-qemuu-ws16-amd64 17 guest-stop fail never pass test-armhf-armhf-xl-vhd 12 migrate-support-check fail never pass test-armhf-armhf-xl-vhd 13 saverestore-support-check fail never pass test-amd64-i386-xl-qemut-ws16-amd64 17 guest-stop fail never pass test-armhf-armhf-xl-credit1 13 migrate-support-check fail never pass test-armhf-armhf-xl-credit1 14 saverestore-support-check fail never pass test-armhf-armhf-libvirt-raw 12 migrate-support-check fail never pass version targeted for testing: linux 5a9ffb954a3933d7867f4341684a23e008d6839b baseline version: linux 3d1c1e5931ce45b3a3f309385bbc00c78e9951c6 Last test of basis 150221 2020-05-17 00:10:52 Z 0 days Testing same since 150225 2020-05-17 11:37:25 Z 0 days 1 attempts ------------------------------------------------------------ People who touched revisions under test: Adam Ford <aford...@gmail.com> Adam McCoy <a...@forsedomani.com> Ahmad Fatoum <a.fat...@pengutronix.de> Al Viro <v...@zeniv.linux.org.uk> Arnd Bergmann <a...@arndb.de> Aurelien Jarno <aurel...@aurel32.net> Babu Moger <babu.mo...@amd.com> Bjorn Andersson <bjorn.anders...@linaro.org> Chen-Yu Tsai <w...@csie.org> Chris Brandt <chris.bra...@renesas.com> Christophe Leroy <christophe.le...@c-s.fr> Christophe Leroy <christophe.le...@csgroup.eu> Clément Péron <peron.c...@gmail.com> Fabio Estevam <feste...@gmail.com> Faiz Abbas <faiz_ab...@ti.com> Geert Uytterhoeven <geert+rene...@glider.be> Guo Ren <guo...@linux.alibaba.com> Heiko Stuebner <he...@sntech.de> Jerome Brunet <jbru...@baylibre.com> Jim Mattson <jmatt...@google.com> Johan Jonker <jbx6...@gmail.com> Jon Hunter <jonath...@nvidia.com> Jue Wang <j...@google.com> Kevin Hilman <khil...@baylibre.com> Kishon Vijay Abraham I <kis...@ti.com> Linus Torvalds <torva...@linux-foundation.org> Liu Yibin <jiul...@linux.alibaba.com> Loic Poulain <loic.poul...@linaro.org> Ma Feng <mafeng...@huawei.com> Mao Han <han_...@linux.alibaba.com> Max Krummenacher <max.krummenac...@toradex.com> Max Krummenacher <max.oss...@gmail.com> Maxime Ripard <max...@cerno.tech> Michael Ellerman <m...@ellerman.id.au> Michael Walle <mich...@walle.cc> Michal Vokáč <michal.vo...@ysoft.com> Mimi Zohar <zo...@linux.ibm.com> Nayna Jain <na...@linux.ibm.com> Neil Armstrong <narmstr...@baylibre.com> Nicholas Piggin <npig...@gmail.com> Paolo Bonzini <pbonz...@redhat.com> Peter Xu <pet...@redhat.com> Ricardo Cañuelo <ricardo.canu...@collabora.com> Robin Murphy <robin.mur...@arm.com> Samuel Holland <sam...@sholland.org> Shawn Guo <shawn...@kernel.org> Shengjiu Wang <shengjiu.w...@nxp.com> Srinivas Kandagatla <srinivas.kandaga...@linaro.org> Steve French <stfre...@microsoft.com> Suravee Suthikulpanit <suravee.suthikulpa...@amd.com> Thierry Reding <tred...@nvidia.com> Tobias Schramm <t.schr...@manjaro.org> Tony Lindgren <t...@atomide.com> Vinod Koul <vk...@kernel.org> Yoshihiro Shimoda <yoshihiro.shimoda...@renesas.com> jobs: build-amd64-xsm pass build-arm64-xsm pass build-i386-xsm pass build-amd64 pass build-arm64 pass build-armhf pass build-i386 pass build-amd64-libvirt pass build-arm64-libvirt pass build-armhf-libvirt pass build-i386-libvirt pass build-amd64-pvops pass build-arm64-pvops pass build-armhf-pvops pass build-i386-pvops pass test-amd64-amd64-xl pass test-amd64-coresched-amd64-xl pass test-arm64-arm64-xl pass test-armhf-armhf-xl pass test-amd64-i386-xl pass test-amd64-coresched-i386-xl pass test-amd64-amd64-libvirt-qemuu-debianhvm-amd64-xsm pass test-amd64-i386-libvirt-qemuu-debianhvm-amd64-xsm pass test-amd64-amd64-xl-qemut-stubdom-debianhvm-amd64-xsm pass test-amd64-i386-xl-qemut-stubdom-debianhvm-amd64-xsm pass test-amd64-amd64-xl-qemut-debianhvm-i386-xsm pass test-amd64-i386-xl-qemut-debianhvm-i386-xsm pass test-amd64-amd64-xl-qemuu-debianhvm-i386-xsm pass test-amd64-i386-xl-qemuu-debianhvm-i386-xsm pass test-amd64-amd64-libvirt-xsm pass test-arm64-arm64-libvirt-xsm pass test-amd64-i386-libvirt-xsm pass test-amd64-amd64-xl-xsm pass test-arm64-arm64-xl-xsm pass test-amd64-i386-xl-xsm pass test-amd64-amd64-qemuu-nested-amd fail test-amd64-amd64-xl-pvhv2-amd pass test-amd64-i386-qemut-rhel6hvm-amd pass test-amd64-i386-qemuu-rhel6hvm-amd pass test-amd64-amd64-xl-qemut-debianhvm-amd64 pass test-amd64-i386-xl-qemut-debianhvm-amd64 pass test-amd64-amd64-xl-qemuu-debianhvm-amd64 pass test-amd64-i386-xl-qemuu-debianhvm-amd64 pass test-amd64-i386-freebsd10-amd64 pass test-amd64-amd64-xl-qemuu-ovmf-amd64 pass test-amd64-i386-xl-qemuu-ovmf-amd64 pass test-amd64-amd64-xl-qemut-win7-amd64 fail test-amd64-i386-xl-qemut-win7-amd64 fail test-amd64-amd64-xl-qemuu-win7-amd64 fail test-amd64-i386-xl-qemuu-win7-amd64 fail test-amd64-amd64-xl-qemut-ws16-amd64 fail test-amd64-i386-xl-qemut-ws16-amd64 fail test-amd64-amd64-xl-qemuu-ws16-amd64 fail test-amd64-i386-xl-qemuu-ws16-amd64 fail test-armhf-armhf-xl-arndale pass test-amd64-amd64-xl-credit1 pass test-arm64-arm64-xl-credit1 pass test-armhf-armhf-xl-credit1 pass test-amd64-amd64-xl-credit2 pass test-arm64-arm64-xl-credit2 pass test-armhf-armhf-xl-credit2 pass test-armhf-armhf-xl-cubietruck pass test-amd64-amd64-xl-qemuu-dmrestrict-amd64-dmrestrict pass test-amd64-i386-xl-qemuu-dmrestrict-amd64-dmrestrict pass test-amd64-amd64-examine pass test-arm64-arm64-examine pass test-armhf-armhf-examine pass test-amd64-i386-examine pass test-amd64-i386-freebsd10-i386 pass test-amd64-amd64-qemuu-nested-intel pass test-amd64-amd64-xl-pvhv2-intel pass test-amd64-i386-qemut-rhel6hvm-intel pass test-amd64-i386-qemuu-rhel6hvm-intel pass test-amd64-amd64-libvirt pass test-armhf-armhf-libvirt pass test-amd64-i386-libvirt pass test-amd64-amd64-xl-multivcpu pass test-armhf-armhf-xl-multivcpu pass test-amd64-amd64-pair pass test-amd64-i386-pair pass test-amd64-amd64-libvirt-pair pass test-amd64-i386-libvirt-pair pass test-amd64-amd64-amd64-pvgrub pass test-amd64-amd64-i386-pvgrub pass test-amd64-amd64-xl-pvshim pass test-amd64-i386-xl-pvshim fail test-amd64-amd64-pygrub pass test-amd64-amd64-xl-qcow2 pass test-armhf-armhf-libvirt-raw pass test-amd64-i386-xl-raw pass test-amd64-amd64-xl-rtds fail test-armhf-armhf-xl-rtds fail test-arm64-arm64-xl-seattle pass test-amd64-amd64-xl-qemuu-debianhvm-amd64-shadow pass test-amd64-i386-xl-qemuu-debianhvm-amd64-shadow pass test-amd64-amd64-xl-shadow pass test-amd64-i386-xl-shadow pass test-arm64-arm64-xl-thunderx pass test-amd64-amd64-libvirt-vhd pass test-armhf-armhf-xl-vhd pass ------------------------------------------------------------ sg-report-flight on osstest.test-lab.xenproject.org logs: /home/logs/logs images: /home/logs/images Logs, config files, etc. are available at http://logs.test-lab.xenproject.org/osstest/logs Explanation of these reports, and of osstest in general, is at http://xenbits.xen.org/gitweb/?p=osstest.git;a=blob;f=README.email;hb=master http://xenbits.xen.org/gitweb/?p=osstest.git;a=blob;f=README;hb=master Test harness code can be found at http://xenbits.xen.org/gitweb?p=osstest.git;a=summary Pushing revision : To xenbits.xen.org:/home/xen/git/linux-pvops.git 3d1c1e5931ce..5a9ffb954a39 5a9ffb954a3933d7867f4341684a23e008d6839b -> tested/linux-linus